{"id":105639,"date":"2023-05-03T11:31:02","date_gmt":"2023-05-03T11:31:02","guid":{"rendered":"https:\/\/wos-dev-1.staging.sd-hosting.pt\/produto\/klorane-capilar-balsamo-manga-200ml\/"},"modified":"2023-08-22T08:59:02","modified_gmt":"2023-08-22T08:59:02","slug":"klorane-capilar-balsamo-manga-200ml","status":"publish","type":"product","link":"https:\/\/wos-dev-1.staging.sd-hosting.pt\/?product=klorane-capilar-balsamo-manga-200ml","title":{"rendered":"Klorane Capilar B\u00e1lsamo Manga 200ml"},"content":{"rendered":"<p class=\"wosc-text-s wosc-text-justify\"><strong class=\"wosc-text-secondary\">Klorane Capilar B\u00e1lsamo Manga<\/strong> \u00e9 um cuidado condicionador capilar para desembara\u00e7ar e proporcionar nutri\u00e7\u00e3o ao cabelo seco.<\/p>\n<p class=\"wosc-text-s wosc-text-justify\">Na sua composi\u00e7\u00e3o encontramos manteiga de manga que nutre a fibra capilar e protege o cabelo das agress\u00f5es externas e da secura consequente. Assim conseguimos hidratar toda a haste capilar e fortalecer as pontas, sem pesar e permitindo desembara\u00e7ar de forma f\u00e1cil e delicada.<\/p>\n<p>&nbsp;<\/p>\n<p class=\"wosc-text-s wosc-text-justify\"><span class=\"wosc-text-secondary\">Compromisso Ambiental: <\/span>F\u00f3rmula Biodegrad\u00e1vel, tubo feito com 50% de pl\u00e1stico reciclado e 100% recicl\u00e1vel.<\/p>\n","protected":false},"excerpt":{"rendered":"<p>Cuidado condicionador capilar para desembara\u00e7ar e proporcionar nutri\u00e7\u00e3o ao cabelo seco.<\/p>\n","protected":false},"featured_media":2569,"comment_status":"open","ping_status":"closed","template":"","meta":{"_acf_changed":false},"product_cat":[989,1059,1049],"product_tag":[],"wos_brand":[1243,1131],"class_list":{"0":"post-105639","1":"product","2":"type-product","3":"status-publish","4":"has-post-thumbnail","6":"product_cat-cabelo","7":"product_cat-mascaras-e-condicionadores","8":"product_cat-tratamentos-capilares","9":"wos_brand-capilar","10":"wos_brand-klorane","12":"first","13":"outofstock","14":"taxable","15":"shipping-taxable","16":"purchasable","17":"product-type-simple"},"acf":[],"yoast_head":"<!-- This site is optimized with the Yoast SEO plugin v22.8 - https:\/\/yoast.com\/wordpress\/plugins\/seo\/ -->\n<title>Klorane Capilar B\u00e1lsamo Manga 200ml - World Of Skin<\/title>\n<meta name=\"description\" content=\"Klorane Capilar B\u00e1lsamo Manga \u00e9 um cuidado condicionador capilar para desembara\u00e7ar e proporcionar nutri\u00e7\u00e3o ao cabelo seco.\" \/>\n<meta name=\"robots\" content=\"index, follow, max-snippet:-1, max-image-preview:large, max-video-preview:-1\" \/>\n<link rel=\"canonical\" href=\"https:\/\/wos-dev-1.staging.sd-hosting.pt\/produto\/klorane-capilar-balsamo-manga-200ml\/\" \/>\n<meta property=\"og:locale\" content=\"pt_PT\" \/>\n<meta property=\"og:type\" content=\"article\" \/>\n<meta property=\"og:title\" content=\"Klorane Capilar B\u00e1lsamo Manga 200ml - World Of Skin\" \/>\n<meta property=\"og:description\" content=\"Klorane Capilar B\u00e1lsamo Manga \u00e9 um cuidado condicionador capilar para desembara\u00e7ar e proporcionar nutri\u00e7\u00e3o ao cabelo seco.\" \/>\n<meta property=\"og:url\" content=\"https:\/\/wos-dev-1.staging.sd-hosting.pt\/produto\/klorane-capilar-balsamo-manga-200ml\/\" \/>\n<meta property=\"og:site_name\" content=\"World Of Skin\" \/>\n<meta property=\"article:publisher\" content=\"https:\/\/www.facebook.com\/worldofskin.pt\/\" \/>\n<meta property=\"article:modified_time\" content=\"2023-08-22T08:59:02+00:00\" \/>\n<meta property=\"og:image\" content=\"https:\/\/wos-dev-1.staging.sd-hosting.pt\/wp-content\/uploads\/2023\/03\/pierre-fabre-klorane-capilar-balsamo-manga.png\" \/>\n\t<meta property=\"og:image:width\" content=\"790\" \/>\n\t<meta property=\"og:image:height\" content=\"1184\" \/>\n\t<meta property=\"og:image:type\" content=\"image\/png\" \/>\n<meta name=\"twitter:card\" content=\"summary_large_image\" \/>\n<meta name=\"twitter:label1\" content=\"Tempo estimado de leitura\" \/>\n\t<meta name=\"twitter:data1\" content=\"1 minuto\" \/>\n<script type=\"application\/ld+json\" class=\"yoast-schema-graph\">{\"@context\":\"https:\/\/schema.org\",\"@graph\":[{\"@type\":\"WebPage\",\"@id\":\"https:\/\/wos-dev-1.staging.sd-hosting.pt\/produto\/klorane-capilar-balsamo-manga-200ml\/\",\"url\":\"https:\/\/wos-dev-1.staging.sd-hosting.pt\/produto\/klorane-capilar-balsamo-manga-200ml\/\",\"name\":\"Klorane Capilar B\u00e1lsamo Manga 200ml - World Of Skin\",\"isPartOf\":{\"@id\":\"https:\/\/wos-dev-1.staging.sd-hosting.pt\/#website\"},\"primaryImageOfPage\":{\"@id\":\"https:\/\/wos-dev-1.staging.sd-hosting.pt\/produto\/klorane-capilar-balsamo-manga-200ml\/#primaryimage\"},\"image\":{\"@id\":\"https:\/\/wos-dev-1.staging.sd-hosting.pt\/produto\/klorane-capilar-balsamo-manga-200ml\/#primaryimage\"},\"thumbnailUrl\":\"https:\/\/wos-dev-1.staging.sd-hosting.pt\/wp-content\/uploads\/2023\/03\/pierre-fabre-klorane-capilar-balsamo-manga.png\",\"datePublished\":\"2023-05-03T11:31:02+00:00\",\"dateModified\":\"2023-08-22T08:59:02+00:00\",\"description\":\"Klorane Capilar B\u00e1lsamo Manga \u00e9 um cuidado condicionador capilar para desembara\u00e7ar e proporcionar nutri\u00e7\u00e3o ao cabelo seco.\",\"breadcrumb\":{\"@id\":\"https:\/\/wos-dev-1.staging.sd-hosting.pt\/produto\/klorane-capilar-balsamo-manga-200ml\/#breadcrumb\"},\"inLanguage\":\"pt-PT\",\"potentialAction\":[{\"@type\":\"ReadAction\",\"target\":[\"https:\/\/wos-dev-1.staging.sd-hosting.pt\/produto\/klorane-capilar-balsamo-manga-200ml\/\"]}]},{\"@type\":\"ImageObject\",\"inLanguage\":\"pt-PT\",\"@id\":\"https:\/\/wos-dev-1.staging.sd-hosting.pt\/produto\/klorane-capilar-balsamo-manga-200ml\/#primaryimage\",\"url\":\"https:\/\/wos-dev-1.staging.sd-hosting.pt\/wp-content\/uploads\/2023\/03\/pierre-fabre-klorane-capilar-balsamo-manga.png\",\"contentUrl\":\"https:\/\/wos-dev-1.staging.sd-hosting.pt\/wp-content\/uploads\/2023\/03\/pierre-fabre-klorane-capilar-balsamo-manga.png\",\"width\":790,\"height\":1184,\"caption\":\"Klorane Capilar B\u00e1lsamo Manga 200ml - condicionador cabelo seco\"},{\"@type\":\"BreadcrumbList\",\"@id\":\"https:\/\/wos-dev-1.staging.sd-hosting.pt\/produto\/klorane-capilar-balsamo-manga-200ml\/#breadcrumb\",\"itemListElement\":[{\"@type\":\"ListItem\",\"position\":1,\"name\":\"In\u00edcio\",\"item\":\"https:\/\/wos-dev-1.staging.sd-hosting.pt\/\"},{\"@type\":\"ListItem\",\"position\":2,\"name\":\"Klorane Capilar B\u00e1lsamo Manga 200ml\"}]},{\"@type\":\"WebSite\",\"@id\":\"https:\/\/wos-dev-1.staging.sd-hosting.pt\/#website\",\"url\":\"https:\/\/wos-dev-1.staging.sd-hosting.pt\/\",\"name\":\"World Of Skin\",\"description\":\"World Of Skin\",\"publisher\":{\"@id\":\"https:\/\/wos-dev-1.staging.sd-hosting.pt\/#organization\"},\"potentialAction\":[{\"@type\":\"SearchAction\",\"target\":{\"@type\":\"EntryPoint\",\"urlTemplate\":\"https:\/\/wos-dev-1.staging.sd-hosting.pt\/?s={search_term_string}\"},\"query-input\":\"required name=search_term_string\"}],\"inLanguage\":\"pt-PT\"},{\"@type\":\"Organization\",\"@id\":\"https:\/\/wos-dev-1.staging.sd-hosting.pt\/#organization\",\"name\":\"World Of Skin\",\"url\":\"https:\/\/wos-dev-1.staging.sd-hosting.pt\/\",\"logo\":{\"@type\":\"ImageObject\",\"inLanguage\":\"pt-PT\",\"@id\":\"https:\/\/wos-dev-1.staging.sd-hosting.pt\/#\/schema\/logo\/image\/\",\"url\":\"https:\/\/wos-dev-1.staging.sd-hosting.pt\/wp-content\/uploads\/2022\/10\/Logotipo_Final.png\",\"contentUrl\":\"https:\/\/wos-dev-1.staging.sd-hosting.pt\/wp-content\/uploads\/2022\/10\/Logotipo_Final.png\",\"width\":1774,\"height\":1536,\"caption\":\"World Of Skin\"},\"image\":{\"@id\":\"https:\/\/wos-dev-1.staging.sd-hosting.pt\/#\/schema\/logo\/image\/\"},\"sameAs\":[\"https:\/\/www.facebook.com\/worldofskin.pt\/\",\"https:\/\/www.instagram.com\/world.of.skin\/\"]}]}<\/script>\n<!-- \/ Yoast SEO plugin. -->","yoast_head_json":{"title":"Klorane Capilar B\u00e1lsamo Manga 200ml - World Of Skin","description":"Klorane Capilar B\u00e1lsamo Manga \u00e9 um cuidado condicionador capilar para desembara\u00e7ar e proporcionar nutri\u00e7\u00e3o ao cabelo seco.","robots":{"index":"index","follow":"follow","max-snippet":"max-snippet:-1","max-image-preview":"max-image-preview:large","max-video-preview":"max-video-preview:-1"},"canonical":"https:\/\/wos-dev-1.staging.sd-hosting.pt\/produto\/klorane-capilar-balsamo-manga-200ml\/","og_locale":"pt_PT","og_type":"article","og_title":"Klorane Capilar B\u00e1lsamo Manga 200ml - World Of Skin","og_description":"Klorane Capilar B\u00e1lsamo Manga \u00e9 um cuidado condicionador capilar para desembara\u00e7ar e proporcionar nutri\u00e7\u00e3o ao cabelo seco.","og_url":"https:\/\/wos-dev-1.staging.sd-hosting.pt\/produto\/klorane-capilar-balsamo-manga-200ml\/","og_site_name":"World Of Skin","article_publisher":"https:\/\/www.facebook.com\/worldofskin.pt\/","article_modified_time":"2023-08-22T08:59:02+00:00","og_image":[{"width":790,"height":1184,"url":"https:\/\/wos-dev-1.staging.sd-hosting.pt\/wp-content\/uploads\/2023\/03\/pierre-fabre-klorane-capilar-balsamo-manga.png","type":"image\/png"}],"twitter_card":"summary_large_image","twitter_misc":{"Tempo estimado de leitura":"1 minuto"},"schema":{"@context":"https:\/\/schema.org","@graph":[{"@type":"WebPage","@id":"https:\/\/wos-dev-1.staging.sd-hosting.pt\/produto\/klorane-capilar-balsamo-manga-200ml\/","url":"https:\/\/wos-dev-1.staging.sd-hosting.pt\/produto\/klorane-capilar-balsamo-manga-200ml\/","name":"Klorane Capilar B\u00e1lsamo Manga 200ml - World Of Skin","isPartOf":{"@id":"https:\/\/wos-dev-1.staging.sd-hosting.pt\/#website"},"primaryImageOfPage":{"@id":"https:\/\/wos-dev-1.staging.sd-hosting.pt\/produto\/klorane-capilar-balsamo-manga-200ml\/#primaryimage"},"image":{"@id":"https:\/\/wos-dev-1.staging.sd-hosting.pt\/produto\/klorane-capilar-balsamo-manga-200ml\/#primaryimage"},"thumbnailUrl":"https:\/\/wos-dev-1.staging.sd-hosting.pt\/wp-content\/uploads\/2023\/03\/pierre-fabre-klorane-capilar-balsamo-manga.png","datePublished":"2023-05-03T11:31:02+00:00","dateModified":"2023-08-22T08:59:02+00:00","description":"Klorane Capilar B\u00e1lsamo Manga \u00e9 um cuidado condicionador capilar para desembara\u00e7ar e proporcionar nutri\u00e7\u00e3o ao cabelo seco.","breadcrumb":{"@id":"https:\/\/wos-dev-1.staging.sd-hosting.pt\/produto\/klorane-capilar-balsamo-manga-200ml\/#breadcrumb"},"inLanguage":"pt-PT","potentialAction":[{"@type":"ReadAction","target":["https:\/\/wos-dev-1.staging.sd-hosting.pt\/produto\/klorane-capilar-balsamo-manga-200ml\/"]}]},{"@type":"ImageObject","inLanguage":"pt-PT","@id":"https:\/\/wos-dev-1.staging.sd-hosting.pt\/produto\/klorane-capilar-balsamo-manga-200ml\/#primaryimage","url":"https:\/\/wos-dev-1.staging.sd-hosting.pt\/wp-content\/uploads\/2023\/03\/pierre-fabre-klorane-capilar-balsamo-manga.png","contentUrl":"https:\/\/wos-dev-1.staging.sd-hosting.pt\/wp-content\/uploads\/2023\/03\/pierre-fabre-klorane-capilar-balsamo-manga.png","width":790,"height":1184,"caption":"Klorane Capilar B\u00e1lsamo Manga 200ml - condicionador cabelo seco"},{"@type":"BreadcrumbList","@id":"https:\/\/wos-dev-1.staging.sd-hosting.pt\/produto\/klorane-capilar-balsamo-manga-200ml\/#breadcrumb","itemListElement":[{"@type":"ListItem","position":1,"name":"In\u00edcio","item":"https:\/\/wos-dev-1.staging.sd-hosting.pt\/"},{"@type":"ListItem","position":2,"name":"Klorane Capilar B\u00e1lsamo Manga 200ml"}]},{"@type":"WebSite","@id":"https:\/\/wos-dev-1.staging.sd-hosting.pt\/#website","url":"https:\/\/wos-dev-1.staging.sd-hosting.pt\/","name":"World Of Skin","description":"World Of Skin","publisher":{"@id":"https:\/\/wos-dev-1.staging.sd-hosting.pt\/#organization"},"potentialAction":[{"@type":"SearchAction","target":{"@type":"EntryPoint","urlTemplate":"https:\/\/wos-dev-1.staging.sd-hosting.pt\/?s={search_term_string}"},"query-input":"required name=search_term_string"}],"inLanguage":"pt-PT"},{"@type":"Organization","@id":"https:\/\/wos-dev-1.staging.sd-hosting.pt\/#organization","name":"World Of Skin","url":"https:\/\/wos-dev-1.staging.sd-hosting.pt\/","logo":{"@type":"ImageObject","inLanguage":"pt-PT","@id":"https:\/\/wos-dev-1.staging.sd-hosting.pt\/#\/schema\/logo\/image\/","url":"https:\/\/wos-dev-1.staging.sd-hosting.pt\/wp-content\/uploads\/2022\/10\/Logotipo_Final.png","contentUrl":"https:\/\/wos-dev-1.staging.sd-hosting.pt\/wp-content\/uploads\/2022\/10\/Logotipo_Final.png","width":1774,"height":1536,"caption":"World Of Skin"},"image":{"@id":"https:\/\/wos-dev-1.staging.sd-hosting.pt\/#\/schema\/logo\/image\/"},"sameAs":["https:\/\/www.facebook.com\/worldofskin.pt\/","https:\/\/www.instagram.com\/world.of.skin\/"]}]}},"_links":{"self":[{"href":"https:\/\/wos-dev-1.staging.sd-hosting.pt\/index.php?rest_route=\/wp\/v2\/product\/105639","targetHints":{"allow":["GET"]}}],"collection":[{"href":"https:\/\/wos-dev-1.staging.sd-hosting.pt\/index.php?rest_route=\/wp\/v2\/product"}],"about":[{"href":"https:\/\/wos-dev-1.staging.sd-hosting.pt\/index.php?rest_route=\/wp\/v2\/types\/product"}],"replies":[{"embeddable":true,"href":"https:\/\/wos-dev-1.staging.sd-hosting.pt\/index.php?rest_route=%2Fwp%2Fv2%2Fcomments&post=105639"}],"wp:featuredmedia":[{"embeddable":true,"href":"https:\/\/wos-dev-1.staging.sd-hosting.pt\/index.php?rest_route=\/wp\/v2\/media\/2569"}],"wp:attachment":[{"href":"https:\/\/wos-dev-1.staging.sd-hosting.pt\/index.php?rest_route=%2Fwp%2Fv2%2Fmedia&parent=105639"}],"wp:term":[{"taxonomy":"product_cat","embeddable":true,"href":"https:\/\/wos-dev-1.staging.sd-hosting.pt\/index.php?rest_route=%2Fwp%2Fv2%2Fproduct_cat&post=105639"},{"taxonomy":"product_tag","embeddable":true,"href":"https:\/\/wos-dev-1.staging.sd-hosting.pt\/index.php?rest_route=%2Fwp%2Fv2%2Fproduct_tag&post=105639"},{"taxonomy":"wos_brand","embeddable":true,"href":"https:\/\/wos-dev-1.staging.sd-hosting.pt\/index.php?rest_route=%2Fwp%2Fv2%2Fwos_brand&post=105639"}],"curies":[{"name":"wp","href":"https:\/\/api.w.org\/{rel}","templated":true}]}}