{"id":105544,"date":"2023-05-02T15:29:47","date_gmt":"2023-05-02T15:29:47","guid":{"rendered":"https:\/\/wos-dev-1.staging.sd-hosting.pt\/produto\/bio-oil-gel-cuidado-pele-seca-200ml\/"},"modified":"2023-08-22T08:59:01","modified_gmt":"2023-08-22T08:59:01","slug":"bio-oil-gel-cuidado-pele-seca-200ml","status":"publish","type":"product","link":"https:\/\/wos-dev-1.staging.sd-hosting.pt\/?product=bio-oil-gel-cuidado-pele-seca-200ml","title":{"rendered":"Bio-Oil Gel Cuidado Pele Seca 200ml"},"content":{"rendered":"<p class=\"wosc-text-s wosc-text-justify\"><strong class=\"wosc-text-secondary\">Bio-Oil Gel Cuidado Pele Seca<\/strong> \u00e9 um cuidado que proporciona hidrata\u00e7\u00e3o profunda e intensa para pele seca a extremamente seca.<\/p>\n<p class=\"wosc-text-s wosc-text-justify\">Na sua composi\u00e7\u00e3o encontramos uma quantidade pequena de \u00e1gua e uma grande quantidade de \u00f3leos e manteigas que v\u00e3o nutrir a pele. Desta forma conseguimos, no mesmo produto, dois grandes benef\u00edcios:<\/p>\n<ul>\n<li class=\"wosc-li-p\">A\u00e7\u00e3o filmog\u00e9nica (hidratante indireta): cria\u00e7\u00e3o de uma &#8220;barreira&#8221; protetora que ajuda a reter a \u00e1gua, gra\u00e7as a ingredientes como \u00f3leos vegetais, manteiga de karit\u00e9, lanolina, vitamina A, B3, E, F e bisabolol;<\/li>\n<li class=\"wosc-li-p\">A\u00e7\u00e3o hidratante: fixa\u00e7\u00e3o da \u00e1gua e reten\u00e7\u00e3o da humidade ambiental gra\u00e7as \u00e0 Ureia, S\u00f3dio PCA e Glicerina.<\/li>\n<\/ul>\n<p class=\"wosc-text-s wosc-text-justify\">Assim este gel alivia os sinais e sintomas da pele seca, \u00e1spera e escamosa, bem como reduz a vermelhid\u00e3o e o desconforto.<\/p>\n<p class=\"wosc-text-s wosc-text-justify\">A sua textura em gel, com uma fragr\u00e2ncia suave deixa a pele brilhante e aveludada.<\/p>\n","protected":false},"excerpt":{"rendered":"<p>Cuidado para a pele seca e extremamente seca<\/p>\n","protected":false},"featured_media":2269,"comment_status":"open","ping_status":"closed","template":"","meta":{"_acf_changed":false},"product_cat":[987,1024],"product_tag":[],"wos_brand":[1824],"class_list":{"0":"post-105544","1":"product","2":"type-product","3":"status-publish","4":"has-post-thumbnail","6":"product_cat-corpo","7":"product_cat-hidratacao-corpo","8":"wos_brand-bio-oil","10":"first","11":"outofstock","12":"taxable","13":"shipping-taxable","14":"purchasable","15":"product-type-simple"},"acf":[],"yoast_head":"<!-- This site is optimized with the Yoast SEO plugin v22.8 - https:\/\/yoast.com\/wordpress\/plugins\/seo\/ -->\n<title>Bio-Oil Gel Cuidado Pele Seca 200ml - World Of Skin<\/title>\n<meta name=\"description\" content=\"Bio-Oil Gel Cuidado Pele Seca \u00e9 um cuidado que proporciona hidrata\u00e7\u00e3o profunda e intensa para pele seca a extremamente seca.\" \/>\n<meta name=\"robots\" content=\"index, follow, max-snippet:-1, max-image-preview:large, max-video-preview:-1\" \/>\n<link rel=\"canonical\" href=\"https:\/\/wos-dev-1.staging.sd-hosting.pt\/produto\/bio-oil-gel-cuidado-pele-seca-200ml\/\" \/>\n<meta property=\"og:locale\" content=\"pt_PT\" \/>\n<meta property=\"og:type\" content=\"article\" \/>\n<meta property=\"og:title\" content=\"Bio-Oil Gel Cuidado Pele Seca 200ml - World Of Skin\" \/>\n<meta property=\"og:description\" content=\"Bio-Oil Gel Cuidado Pele Seca \u00e9 um cuidado que proporciona hidrata\u00e7\u00e3o profunda e intensa para pele seca a extremamente seca.\" \/>\n<meta property=\"og:url\" content=\"https:\/\/wos-dev-1.staging.sd-hosting.pt\/produto\/bio-oil-gel-cuidado-pele-seca-200ml\/\" \/>\n<meta property=\"og:site_name\" content=\"World Of Skin\" \/>\n<meta property=\"article:publisher\" content=\"https:\/\/www.facebook.com\/worldofskin.pt\/\" \/>\n<meta property=\"article:modified_time\" content=\"2023-08-22T08:59:01+00:00\" \/>\n<meta property=\"og:image\" content=\"https:\/\/wos-dev-1.staging.sd-hosting.pt\/wp-content\/uploads\/2023\/03\/perrigo-bio-oil-gel-cuidado-pele-seca-200.jpg\" \/>\n\t<meta property=\"og:image:width\" content=\"700\" \/>\n\t<meta property=\"og:image:height\" content=\"700\" \/>\n\t<meta property=\"og:image:type\" content=\"image\/jpeg\" \/>\n<meta name=\"twitter:card\" content=\"summary_large_image\" \/>\n<meta name=\"twitter:label1\" content=\"Tempo estimado de leitura\" \/>\n\t<meta name=\"twitter:data1\" content=\"1 minuto\" \/>\n<script type=\"application\/ld+json\" class=\"yoast-schema-graph\">{\"@context\":\"https:\/\/schema.org\",\"@graph\":[{\"@type\":\"WebPage\",\"@id\":\"https:\/\/wos-dev-1.staging.sd-hosting.pt\/produto\/bio-oil-gel-cuidado-pele-seca-200ml\/\",\"url\":\"https:\/\/wos-dev-1.staging.sd-hosting.pt\/produto\/bio-oil-gel-cuidado-pele-seca-200ml\/\",\"name\":\"Bio-Oil Gel Cuidado Pele Seca 200ml - World Of Skin\",\"isPartOf\":{\"@id\":\"https:\/\/wos-dev-1.staging.sd-hosting.pt\/#website\"},\"primaryImageOfPage\":{\"@id\":\"https:\/\/wos-dev-1.staging.sd-hosting.pt\/produto\/bio-oil-gel-cuidado-pele-seca-200ml\/#primaryimage\"},\"image\":{\"@id\":\"https:\/\/wos-dev-1.staging.sd-hosting.pt\/produto\/bio-oil-gel-cuidado-pele-seca-200ml\/#primaryimage\"},\"thumbnailUrl\":\"https:\/\/wos-dev-1.staging.sd-hosting.pt\/wp-content\/uploads\/2023\/03\/perrigo-bio-oil-gel-cuidado-pele-seca-200.jpg\",\"datePublished\":\"2023-05-02T15:29:47+00:00\",\"dateModified\":\"2023-08-22T08:59:01+00:00\",\"description\":\"Bio-Oil Gel Cuidado Pele Seca \u00e9 um cuidado que proporciona hidrata\u00e7\u00e3o profunda e intensa para pele seca a extremamente seca.\",\"breadcrumb\":{\"@id\":\"https:\/\/wos-dev-1.staging.sd-hosting.pt\/produto\/bio-oil-gel-cuidado-pele-seca-200ml\/#breadcrumb\"},\"inLanguage\":\"pt-PT\",\"potentialAction\":[{\"@type\":\"ReadAction\",\"target\":[\"https:\/\/wos-dev-1.staging.sd-hosting.pt\/produto\/bio-oil-gel-cuidado-pele-seca-200ml\/\"]}]},{\"@type\":\"ImageObject\",\"inLanguage\":\"pt-PT\",\"@id\":\"https:\/\/wos-dev-1.staging.sd-hosting.pt\/produto\/bio-oil-gel-cuidado-pele-seca-200ml\/#primaryimage\",\"url\":\"https:\/\/wos-dev-1.staging.sd-hosting.pt\/wp-content\/uploads\/2023\/03\/perrigo-bio-oil-gel-cuidado-pele-seca-200.jpg\",\"contentUrl\":\"https:\/\/wos-dev-1.staging.sd-hosting.pt\/wp-content\/uploads\/2023\/03\/perrigo-bio-oil-gel-cuidado-pele-seca-200.jpg\",\"width\":700,\"height\":700,\"caption\":\"Bio-Oil Gel Cuidado Pele Seca 200ml\"},{\"@type\":\"BreadcrumbList\",\"@id\":\"https:\/\/wos-dev-1.staging.sd-hosting.pt\/produto\/bio-oil-gel-cuidado-pele-seca-200ml\/#breadcrumb\",\"itemListElement\":[{\"@type\":\"ListItem\",\"position\":1,\"name\":\"In\u00edcio\",\"item\":\"https:\/\/wos-dev-1.staging.sd-hosting.pt\/\"},{\"@type\":\"ListItem\",\"position\":2,\"name\":\"Bio-Oil Gel Cuidado Pele Seca 200ml\"}]},{\"@type\":\"WebSite\",\"@id\":\"https:\/\/wos-dev-1.staging.sd-hosting.pt\/#website\",\"url\":\"https:\/\/wos-dev-1.staging.sd-hosting.pt\/\",\"name\":\"World Of Skin\",\"description\":\"World Of Skin\",\"publisher\":{\"@id\":\"https:\/\/wos-dev-1.staging.sd-hosting.pt\/#organization\"},\"potentialAction\":[{\"@type\":\"SearchAction\",\"target\":{\"@type\":\"EntryPoint\",\"urlTemplate\":\"https:\/\/wos-dev-1.staging.sd-hosting.pt\/?s={search_term_string}\"},\"query-input\":\"required name=search_term_string\"}],\"inLanguage\":\"pt-PT\"},{\"@type\":\"Organization\",\"@id\":\"https:\/\/wos-dev-1.staging.sd-hosting.pt\/#organization\",\"name\":\"World Of Skin\",\"url\":\"https:\/\/wos-dev-1.staging.sd-hosting.pt\/\",\"logo\":{\"@type\":\"ImageObject\",\"inLanguage\":\"pt-PT\",\"@id\":\"https:\/\/wos-dev-1.staging.sd-hosting.pt\/#\/schema\/logo\/image\/\",\"url\":\"https:\/\/wos-dev-1.staging.sd-hosting.pt\/wp-content\/uploads\/2022\/10\/Logotipo_Final.png\",\"contentUrl\":\"https:\/\/wos-dev-1.staging.sd-hosting.pt\/wp-content\/uploads\/2022\/10\/Logotipo_Final.png\",\"width\":1774,\"height\":1536,\"caption\":\"World Of Skin\"},\"image\":{\"@id\":\"https:\/\/wos-dev-1.staging.sd-hosting.pt\/#\/schema\/logo\/image\/\"},\"sameAs\":[\"https:\/\/www.facebook.com\/worldofskin.pt\/\",\"https:\/\/www.instagram.com\/world.of.skin\/\"]}]}<\/script>\n<!-- \/ Yoast SEO plugin. -->","yoast_head_json":{"title":"Bio-Oil Gel Cuidado Pele Seca 200ml - World Of Skin","description":"Bio-Oil Gel Cuidado Pele Seca \u00e9 um cuidado que proporciona hidrata\u00e7\u00e3o profunda e intensa para pele seca a extremamente seca.","robots":{"index":"index","follow":"follow","max-snippet":"max-snippet:-1","max-image-preview":"max-image-preview:large","max-video-preview":"max-video-preview:-1"},"canonical":"https:\/\/wos-dev-1.staging.sd-hosting.pt\/produto\/bio-oil-gel-cuidado-pele-seca-200ml\/","og_locale":"pt_PT","og_type":"article","og_title":"Bio-Oil Gel Cuidado Pele Seca 200ml - World Of Skin","og_description":"Bio-Oil Gel Cuidado Pele Seca \u00e9 um cuidado que proporciona hidrata\u00e7\u00e3o profunda e intensa para pele seca a extremamente seca.","og_url":"https:\/\/wos-dev-1.staging.sd-hosting.pt\/produto\/bio-oil-gel-cuidado-pele-seca-200ml\/","og_site_name":"World Of Skin","article_publisher":"https:\/\/www.facebook.com\/worldofskin.pt\/","article_modified_time":"2023-08-22T08:59:01+00:00","og_image":[{"width":700,"height":700,"url":"https:\/\/wos-dev-1.staging.sd-hosting.pt\/wp-content\/uploads\/2023\/03\/perrigo-bio-oil-gel-cuidado-pele-seca-200.jpg","type":"image\/jpeg"}],"twitter_card":"summary_large_image","twitter_misc":{"Tempo estimado de leitura":"1 minuto"},"schema":{"@context":"https:\/\/schema.org","@graph":[{"@type":"WebPage","@id":"https:\/\/wos-dev-1.staging.sd-hosting.pt\/produto\/bio-oil-gel-cuidado-pele-seca-200ml\/","url":"https:\/\/wos-dev-1.staging.sd-hosting.pt\/produto\/bio-oil-gel-cuidado-pele-seca-200ml\/","name":"Bio-Oil Gel Cuidado Pele Seca 200ml - World Of Skin","isPartOf":{"@id":"https:\/\/wos-dev-1.staging.sd-hosting.pt\/#website"},"primaryImageOfPage":{"@id":"https:\/\/wos-dev-1.staging.sd-hosting.pt\/produto\/bio-oil-gel-cuidado-pele-seca-200ml\/#primaryimage"},"image":{"@id":"https:\/\/wos-dev-1.staging.sd-hosting.pt\/produto\/bio-oil-gel-cuidado-pele-seca-200ml\/#primaryimage"},"thumbnailUrl":"https:\/\/wos-dev-1.staging.sd-hosting.pt\/wp-content\/uploads\/2023\/03\/perrigo-bio-oil-gel-cuidado-pele-seca-200.jpg","datePublished":"2023-05-02T15:29:47+00:00","dateModified":"2023-08-22T08:59:01+00:00","description":"Bio-Oil Gel Cuidado Pele Seca \u00e9 um cuidado que proporciona hidrata\u00e7\u00e3o profunda e intensa para pele seca a extremamente seca.","breadcrumb":{"@id":"https:\/\/wos-dev-1.staging.sd-hosting.pt\/produto\/bio-oil-gel-cuidado-pele-seca-200ml\/#breadcrumb"},"inLanguage":"pt-PT","potentialAction":[{"@type":"ReadAction","target":["https:\/\/wos-dev-1.staging.sd-hosting.pt\/produto\/bio-oil-gel-cuidado-pele-seca-200ml\/"]}]},{"@type":"ImageObject","inLanguage":"pt-PT","@id":"https:\/\/wos-dev-1.staging.sd-hosting.pt\/produto\/bio-oil-gel-cuidado-pele-seca-200ml\/#primaryimage","url":"https:\/\/wos-dev-1.staging.sd-hosting.pt\/wp-content\/uploads\/2023\/03\/perrigo-bio-oil-gel-cuidado-pele-seca-200.jpg","contentUrl":"https:\/\/wos-dev-1.staging.sd-hosting.pt\/wp-content\/uploads\/2023\/03\/perrigo-bio-oil-gel-cuidado-pele-seca-200.jpg","width":700,"height":700,"caption":"Bio-Oil Gel Cuidado Pele Seca 200ml"},{"@type":"BreadcrumbList","@id":"https:\/\/wos-dev-1.staging.sd-hosting.pt\/produto\/bio-oil-gel-cuidado-pele-seca-200ml\/#breadcrumb","itemListElement":[{"@type":"ListItem","position":1,"name":"In\u00edcio","item":"https:\/\/wos-dev-1.staging.sd-hosting.pt\/"},{"@type":"ListItem","position":2,"name":"Bio-Oil Gel Cuidado Pele Seca 200ml"}]},{"@type":"WebSite","@id":"https:\/\/wos-dev-1.staging.sd-hosting.pt\/#website","url":"https:\/\/wos-dev-1.staging.sd-hosting.pt\/","name":"World Of Skin","description":"World Of Skin","publisher":{"@id":"https:\/\/wos-dev-1.staging.sd-hosting.pt\/#organization"},"potentialAction":[{"@type":"SearchAction","target":{"@type":"EntryPoint","urlTemplate":"https:\/\/wos-dev-1.staging.sd-hosting.pt\/?s={search_term_string}"},"query-input":"required name=search_term_string"}],"inLanguage":"pt-PT"},{"@type":"Organization","@id":"https:\/\/wos-dev-1.staging.sd-hosting.pt\/#organization","name":"World Of Skin","url":"https:\/\/wos-dev-1.staging.sd-hosting.pt\/","logo":{"@type":"ImageObject","inLanguage":"pt-PT","@id":"https:\/\/wos-dev-1.staging.sd-hosting.pt\/#\/schema\/logo\/image\/","url":"https:\/\/wos-dev-1.staging.sd-hosting.pt\/wp-content\/uploads\/2022\/10\/Logotipo_Final.png","contentUrl":"https:\/\/wos-dev-1.staging.sd-hosting.pt\/wp-content\/uploads\/2022\/10\/Logotipo_Final.png","width":1774,"height":1536,"caption":"World Of Skin"},"image":{"@id":"https:\/\/wos-dev-1.staging.sd-hosting.pt\/#\/schema\/logo\/image\/"},"sameAs":["https:\/\/www.facebook.com\/worldofskin.pt\/","https:\/\/www.instagram.com\/world.of.skin\/"]}]}},"_links":{"self":[{"href":"https:\/\/wos-dev-1.staging.sd-hosting.pt\/index.php?rest_route=\/wp\/v2\/product\/105544","targetHints":{"allow":["GET"]}}],"collection":[{"href":"https:\/\/wos-dev-1.staging.sd-hosting.pt\/index.php?rest_route=\/wp\/v2\/product"}],"about":[{"href":"https:\/\/wos-dev-1.staging.sd-hosting.pt\/index.php?rest_route=\/wp\/v2\/types\/product"}],"replies":[{"embeddable":true,"href":"https:\/\/wos-dev-1.staging.sd-hosting.pt\/index.php?rest_route=%2Fwp%2Fv2%2Fcomments&post=105544"}],"wp:featuredmedia":[{"embeddable":true,"href":"https:\/\/wos-dev-1.staging.sd-hosting.pt\/index.php?rest_route=\/wp\/v2\/media\/2269"}],"wp:attachment":[{"href":"https:\/\/wos-dev-1.staging.sd-hosting.pt\/index.php?rest_route=%2Fwp%2Fv2%2Fmedia&parent=105544"}],"wp:term":[{"taxonomy":"product_cat","embeddable":true,"href":"https:\/\/wos-dev-1.staging.sd-hosting.pt\/index.php?rest_route=%2Fwp%2Fv2%2Fproduct_cat&post=105544"},{"taxonomy":"product_tag","embeddable":true,"href":"https:\/\/wos-dev-1.staging.sd-hosting.pt\/index.php?rest_route=%2Fwp%2Fv2%2Fproduct_tag&post=105544"},{"taxonomy":"wos_brand","embeddable":true,"href":"https:\/\/wos-dev-1.staging.sd-hosting.pt\/index.php?rest_route=%2Fwp%2Fv2%2Fwos_brand&post=105544"}],"curies":[{"name":"wp","href":"https:\/\/api.w.org\/{rel}","templated":true}]}}