{"id":105122,"date":"2023-04-14T10:41:22","date_gmt":"2023-04-14T10:41:22","guid":{"rendered":"https:\/\/wos-dev-1.staging.sd-hosting.pt\/produto\/eucerin-aquaphor-regenerador-labial-10ml\/"},"modified":"2023-08-22T08:59:39","modified_gmt":"2023-08-22T08:59:39","slug":"eucerin-aquaphor-regenerador-labial-10ml","status":"publish","type":"product","link":"https:\/\/wos-dev-1.staging.sd-hosting.pt\/?product=eucerin-aquaphor-regenerador-labial-10ml","title":{"rendered":"Eucerin Aquaphor Regenerador Labial 10ml"},"content":{"rendered":"<p class=\"wosc-text-s wosc-text-justify\"><strong class=\"wosc-text-secondary\">Eucerin Aquaphor Regenerador Labial<\/strong> \u00e9 um cuidado que repara a pele extremamente seca, gretada e irritada dos l\u00e1bios.<\/p>\n<p class=\"wosc-text-s wosc-text-justify\">Uma vez que a pele dos l\u00e1bios \u00e9 mais fina e n\u00e3o possui gl\u00e2ndulas seb\u00e1ceas, seca com maior facilidade. Com essa caracter\u00edstica presente, criou-se este produto para hidratar e manter o teor de \u00e1gua na pele, ao mesmo tempo que promove o processo de autoregenera\u00e7\u00e3o da pele e acalma a irrita\u00e7\u00e3o.<\/p>\n<p class=\"wosc-text-s wosc-text-justify\">Em simult\u00e2neo cria uma barreira protetora semioclusiva sobre a pele, favorecendo as condi\u00e7\u00f5es fisiol\u00f3gicas de regenera\u00e7\u00e3o e prote\u00e7\u00e3o contra o stress oxidativo.<\/p>\n","protected":false},"excerpt":{"rendered":"<p>Cuidado regenerador labial, para a pele seca e gretada.<\/p>\n","protected":false},"featured_media":1871,"comment_status":"open","ping_status":"closed","template":"","meta":{"_acf_changed":false},"product_cat":[998,986],"product_tag":[],"wos_brand":[1154,1102],"class_list":{"0":"post-105122","1":"product","2":"type-product","3":"status-publish","4":"has-post-thumbnail","6":"product_cat-labios-e-olhos","7":"product_cat-rosto","8":"wos_brand-aquaphor","9":"wos_brand-eucerin","11":"first","12":"outofstock","13":"taxable","14":"shipping-taxable","15":"purchasable","16":"product-type-simple"},"acf":[],"yoast_head":"<!-- This site is optimized with the Yoast SEO plugin v22.8 - https:\/\/yoast.com\/wordpress\/plugins\/seo\/ -->\n<title>Eucerin Aquaphor Regenerador Labial 10ml - World Of Skin<\/title>\n<meta name=\"description\" content=\"Regenerador labial que repara a pele seca, gretada e irritada dos l\u00e1bios. Hidratar, regenera, acalma a irrita\u00e7\u00e3o e cria uma barreira protetora.\" \/>\n<meta name=\"robots\" content=\"index, follow, max-snippet:-1, max-image-preview:large, max-video-preview:-1\" \/>\n<link rel=\"canonical\" href=\"https:\/\/wos-dev-1.staging.sd-hosting.pt\/produto\/eucerin-aquaphor-regenerador-labial-10ml\/\" \/>\n<meta property=\"og:locale\" content=\"pt_PT\" \/>\n<meta property=\"og:type\" content=\"article\" \/>\n<meta property=\"og:title\" content=\"Eucerin Aquaphor Regenerador Labial 10ml - World Of Skin\" \/>\n<meta property=\"og:description\" content=\"Regenerador labial que repara a pele seca, gretada e irritada dos l\u00e1bios. Hidratar, regenera, acalma a irrita\u00e7\u00e3o e cria uma barreira protetora.\" \/>\n<meta property=\"og:url\" content=\"https:\/\/wos-dev-1.staging.sd-hosting.pt\/produto\/eucerin-aquaphor-regenerador-labial-10ml\/\" \/>\n<meta property=\"og:site_name\" content=\"World Of Skin\" \/>\n<meta property=\"article:publisher\" content=\"https:\/\/www.facebook.com\/worldofskin.pt\/\" \/>\n<meta property=\"article:modified_time\" content=\"2023-08-22T08:59:39+00:00\" \/>\n<meta property=\"og:image\" content=\"https:\/\/wos-dev-1.staging.sd-hosting.pt\/wp-content\/uploads\/2023\/01\/eucerin-aquaphor-regenerador-labial.png\" \/>\n\t<meta property=\"og:image:width\" content=\"1000\" \/>\n\t<meta property=\"og:image:height\" content=\"1000\" \/>\n\t<meta property=\"og:image:type\" content=\"image\/png\" \/>\n<meta name=\"twitter:card\" content=\"summary_large_image\" \/>\n<meta name=\"twitter:label1\" content=\"Tempo estimado de leitura\" \/>\n\t<meta name=\"twitter:data1\" content=\"1 minuto\" \/>\n<script type=\"application\/ld+json\" class=\"yoast-schema-graph\">{\"@context\":\"https:\/\/schema.org\",\"@graph\":[{\"@type\":\"WebPage\",\"@id\":\"https:\/\/wos-dev-1.staging.sd-hosting.pt\/produto\/eucerin-aquaphor-regenerador-labial-10ml\/\",\"url\":\"https:\/\/wos-dev-1.staging.sd-hosting.pt\/produto\/eucerin-aquaphor-regenerador-labial-10ml\/\",\"name\":\"Eucerin Aquaphor Regenerador Labial 10ml - World Of Skin\",\"isPartOf\":{\"@id\":\"https:\/\/wos-dev-1.staging.sd-hosting.pt\/#website\"},\"primaryImageOfPage\":{\"@id\":\"https:\/\/wos-dev-1.staging.sd-hosting.pt\/produto\/eucerin-aquaphor-regenerador-labial-10ml\/#primaryimage\"},\"image\":{\"@id\":\"https:\/\/wos-dev-1.staging.sd-hosting.pt\/produto\/eucerin-aquaphor-regenerador-labial-10ml\/#primaryimage\"},\"thumbnailUrl\":\"https:\/\/wos-dev-1.staging.sd-hosting.pt\/wp-content\/uploads\/2023\/01\/eucerin-aquaphor-regenerador-labial.png\",\"datePublished\":\"2023-04-14T10:41:22+00:00\",\"dateModified\":\"2023-08-22T08:59:39+00:00\",\"description\":\"Regenerador labial que repara a pele seca, gretada e irritada dos l\u00e1bios. Hidratar, regenera, acalma a irrita\u00e7\u00e3o e cria uma barreira protetora.\",\"breadcrumb\":{\"@id\":\"https:\/\/wos-dev-1.staging.sd-hosting.pt\/produto\/eucerin-aquaphor-regenerador-labial-10ml\/#breadcrumb\"},\"inLanguage\":\"pt-PT\",\"potentialAction\":[{\"@type\":\"ReadAction\",\"target\":[\"https:\/\/wos-dev-1.staging.sd-hosting.pt\/produto\/eucerin-aquaphor-regenerador-labial-10ml\/\"]}]},{\"@type\":\"ImageObject\",\"inLanguage\":\"pt-PT\",\"@id\":\"https:\/\/wos-dev-1.staging.sd-hosting.pt\/produto\/eucerin-aquaphor-regenerador-labial-10ml\/#primaryimage\",\"url\":\"https:\/\/wos-dev-1.staging.sd-hosting.pt\/wp-content\/uploads\/2023\/01\/eucerin-aquaphor-regenerador-labial.png\",\"contentUrl\":\"https:\/\/wos-dev-1.staging.sd-hosting.pt\/wp-content\/uploads\/2023\/01\/eucerin-aquaphor-regenerador-labial.png\",\"width\":1000,\"height\":1000,\"caption\":\"Eucerin Aquaphor Regenerador Labial 10ml\"},{\"@type\":\"BreadcrumbList\",\"@id\":\"https:\/\/wos-dev-1.staging.sd-hosting.pt\/produto\/eucerin-aquaphor-regenerador-labial-10ml\/#breadcrumb\",\"itemListElement\":[{\"@type\":\"ListItem\",\"position\":1,\"name\":\"In\u00edcio\",\"item\":\"https:\/\/wos-dev-1.staging.sd-hosting.pt\/\"},{\"@type\":\"ListItem\",\"position\":2,\"name\":\"Eucerin Aquaphor Regenerador Labial 10ml\"}]},{\"@type\":\"WebSite\",\"@id\":\"https:\/\/wos-dev-1.staging.sd-hosting.pt\/#website\",\"url\":\"https:\/\/wos-dev-1.staging.sd-hosting.pt\/\",\"name\":\"World Of Skin\",\"description\":\"World Of Skin\",\"publisher\":{\"@id\":\"https:\/\/wos-dev-1.staging.sd-hosting.pt\/#organization\"},\"potentialAction\":[{\"@type\":\"SearchAction\",\"target\":{\"@type\":\"EntryPoint\",\"urlTemplate\":\"https:\/\/wos-dev-1.staging.sd-hosting.pt\/?s={search_term_string}\"},\"query-input\":\"required name=search_term_string\"}],\"inLanguage\":\"pt-PT\"},{\"@type\":\"Organization\",\"@id\":\"https:\/\/wos-dev-1.staging.sd-hosting.pt\/#organization\",\"name\":\"World Of Skin\",\"url\":\"https:\/\/wos-dev-1.staging.sd-hosting.pt\/\",\"logo\":{\"@type\":\"ImageObject\",\"inLanguage\":\"pt-PT\",\"@id\":\"https:\/\/wos-dev-1.staging.sd-hosting.pt\/#\/schema\/logo\/image\/\",\"url\":\"https:\/\/wos-dev-1.staging.sd-hosting.pt\/wp-content\/uploads\/2022\/10\/Logotipo_Final.png\",\"contentUrl\":\"https:\/\/wos-dev-1.staging.sd-hosting.pt\/wp-content\/uploads\/2022\/10\/Logotipo_Final.png\",\"width\":1774,\"height\":1536,\"caption\":\"World Of Skin\"},\"image\":{\"@id\":\"https:\/\/wos-dev-1.staging.sd-hosting.pt\/#\/schema\/logo\/image\/\"},\"sameAs\":[\"https:\/\/www.facebook.com\/worldofskin.pt\/\",\"https:\/\/www.instagram.com\/world.of.skin\/\"]}]}<\/script>\n<!-- \/ Yoast SEO plugin. -->","yoast_head_json":{"title":"Eucerin Aquaphor Regenerador Labial 10ml - World Of Skin","description":"Regenerador labial que repara a pele seca, gretada e irritada dos l\u00e1bios. Hidratar, regenera, acalma a irrita\u00e7\u00e3o e cria uma barreira protetora.","robots":{"index":"index","follow":"follow","max-snippet":"max-snippet:-1","max-image-preview":"max-image-preview:large","max-video-preview":"max-video-preview:-1"},"canonical":"https:\/\/wos-dev-1.staging.sd-hosting.pt\/produto\/eucerin-aquaphor-regenerador-labial-10ml\/","og_locale":"pt_PT","og_type":"article","og_title":"Eucerin Aquaphor Regenerador Labial 10ml - World Of Skin","og_description":"Regenerador labial que repara a pele seca, gretada e irritada dos l\u00e1bios. Hidratar, regenera, acalma a irrita\u00e7\u00e3o e cria uma barreira protetora.","og_url":"https:\/\/wos-dev-1.staging.sd-hosting.pt\/produto\/eucerin-aquaphor-regenerador-labial-10ml\/","og_site_name":"World Of Skin","article_publisher":"https:\/\/www.facebook.com\/worldofskin.pt\/","article_modified_time":"2023-08-22T08:59:39+00:00","og_image":[{"width":1000,"height":1000,"url":"https:\/\/wos-dev-1.staging.sd-hosting.pt\/wp-content\/uploads\/2023\/01\/eucerin-aquaphor-regenerador-labial.png","type":"image\/png"}],"twitter_card":"summary_large_image","twitter_misc":{"Tempo estimado de leitura":"1 minuto"},"schema":{"@context":"https:\/\/schema.org","@graph":[{"@type":"WebPage","@id":"https:\/\/wos-dev-1.staging.sd-hosting.pt\/produto\/eucerin-aquaphor-regenerador-labial-10ml\/","url":"https:\/\/wos-dev-1.staging.sd-hosting.pt\/produto\/eucerin-aquaphor-regenerador-labial-10ml\/","name":"Eucerin Aquaphor Regenerador Labial 10ml - World Of Skin","isPartOf":{"@id":"https:\/\/wos-dev-1.staging.sd-hosting.pt\/#website"},"primaryImageOfPage":{"@id":"https:\/\/wos-dev-1.staging.sd-hosting.pt\/produto\/eucerin-aquaphor-regenerador-labial-10ml\/#primaryimage"},"image":{"@id":"https:\/\/wos-dev-1.staging.sd-hosting.pt\/produto\/eucerin-aquaphor-regenerador-labial-10ml\/#primaryimage"},"thumbnailUrl":"https:\/\/wos-dev-1.staging.sd-hosting.pt\/wp-content\/uploads\/2023\/01\/eucerin-aquaphor-regenerador-labial.png","datePublished":"2023-04-14T10:41:22+00:00","dateModified":"2023-08-22T08:59:39+00:00","description":"Regenerador labial que repara a pele seca, gretada e irritada dos l\u00e1bios. Hidratar, regenera, acalma a irrita\u00e7\u00e3o e cria uma barreira protetora.","breadcrumb":{"@id":"https:\/\/wos-dev-1.staging.sd-hosting.pt\/produto\/eucerin-aquaphor-regenerador-labial-10ml\/#breadcrumb"},"inLanguage":"pt-PT","potentialAction":[{"@type":"ReadAction","target":["https:\/\/wos-dev-1.staging.sd-hosting.pt\/produto\/eucerin-aquaphor-regenerador-labial-10ml\/"]}]},{"@type":"ImageObject","inLanguage":"pt-PT","@id":"https:\/\/wos-dev-1.staging.sd-hosting.pt\/produto\/eucerin-aquaphor-regenerador-labial-10ml\/#primaryimage","url":"https:\/\/wos-dev-1.staging.sd-hosting.pt\/wp-content\/uploads\/2023\/01\/eucerin-aquaphor-regenerador-labial.png","contentUrl":"https:\/\/wos-dev-1.staging.sd-hosting.pt\/wp-content\/uploads\/2023\/01\/eucerin-aquaphor-regenerador-labial.png","width":1000,"height":1000,"caption":"Eucerin Aquaphor Regenerador Labial 10ml"},{"@type":"BreadcrumbList","@id":"https:\/\/wos-dev-1.staging.sd-hosting.pt\/produto\/eucerin-aquaphor-regenerador-labial-10ml\/#breadcrumb","itemListElement":[{"@type":"ListItem","position":1,"name":"In\u00edcio","item":"https:\/\/wos-dev-1.staging.sd-hosting.pt\/"},{"@type":"ListItem","position":2,"name":"Eucerin Aquaphor Regenerador Labial 10ml"}]},{"@type":"WebSite","@id":"https:\/\/wos-dev-1.staging.sd-hosting.pt\/#website","url":"https:\/\/wos-dev-1.staging.sd-hosting.pt\/","name":"World Of Skin","description":"World Of Skin","publisher":{"@id":"https:\/\/wos-dev-1.staging.sd-hosting.pt\/#organization"},"potentialAction":[{"@type":"SearchAction","target":{"@type":"EntryPoint","urlTemplate":"https:\/\/wos-dev-1.staging.sd-hosting.pt\/?s={search_term_string}"},"query-input":"required name=search_term_string"}],"inLanguage":"pt-PT"},{"@type":"Organization","@id":"https:\/\/wos-dev-1.staging.sd-hosting.pt\/#organization","name":"World Of Skin","url":"https:\/\/wos-dev-1.staging.sd-hosting.pt\/","logo":{"@type":"ImageObject","inLanguage":"pt-PT","@id":"https:\/\/wos-dev-1.staging.sd-hosting.pt\/#\/schema\/logo\/image\/","url":"https:\/\/wos-dev-1.staging.sd-hosting.pt\/wp-content\/uploads\/2022\/10\/Logotipo_Final.png","contentUrl":"https:\/\/wos-dev-1.staging.sd-hosting.pt\/wp-content\/uploads\/2022\/10\/Logotipo_Final.png","width":1774,"height":1536,"caption":"World Of Skin"},"image":{"@id":"https:\/\/wos-dev-1.staging.sd-hosting.pt\/#\/schema\/logo\/image\/"},"sameAs":["https:\/\/www.facebook.com\/worldofskin.pt\/","https:\/\/www.instagram.com\/world.of.skin\/"]}]}},"_links":{"self":[{"href":"https:\/\/wos-dev-1.staging.sd-hosting.pt\/index.php?rest_route=\/wp\/v2\/product\/105122","targetHints":{"allow":["GET"]}}],"collection":[{"href":"https:\/\/wos-dev-1.staging.sd-hosting.pt\/index.php?rest_route=\/wp\/v2\/product"}],"about":[{"href":"https:\/\/wos-dev-1.staging.sd-hosting.pt\/index.php?rest_route=\/wp\/v2\/types\/product"}],"replies":[{"embeddable":true,"href":"https:\/\/wos-dev-1.staging.sd-hosting.pt\/index.php?rest_route=%2Fwp%2Fv2%2Fcomments&post=105122"}],"wp:featuredmedia":[{"embeddable":true,"href":"https:\/\/wos-dev-1.staging.sd-hosting.pt\/index.php?rest_route=\/wp\/v2\/media\/1871"}],"wp:attachment":[{"href":"https:\/\/wos-dev-1.staging.sd-hosting.pt\/index.php?rest_route=%2Fwp%2Fv2%2Fmedia&parent=105122"}],"wp:term":[{"taxonomy":"product_cat","embeddable":true,"href":"https:\/\/wos-dev-1.staging.sd-hosting.pt\/index.php?rest_route=%2Fwp%2Fv2%2Fproduct_cat&post=105122"},{"taxonomy":"product_tag","embeddable":true,"href":"https:\/\/wos-dev-1.staging.sd-hosting.pt\/index.php?rest_route=%2Fwp%2Fv2%2Fproduct_tag&post=105122"},{"taxonomy":"wos_brand","embeddable":true,"href":"https:\/\/wos-dev-1.staging.sd-hosting.pt\/index.php?rest_route=%2Fwp%2Fv2%2Fwos_brand&post=105122"}],"curies":[{"name":"wp","href":"https:\/\/api.w.org\/{rel}","templated":true}]}}