{"id":105086,"date":"2023-04-13T15:56:39","date_gmt":"2023-04-13T15:56:39","guid":{"rendered":"https:\/\/wos-dev-1.staging.sd-hosting.pt\/produto\/atl-gel-de-banho-500ml\/"},"modified":"2023-05-11T10:30:36","modified_gmt":"2023-05-11T10:30:36","slug":"atl-gel-de-banho-500ml","status":"publish","type":"product","link":"https:\/\/wos-dev-1.staging.sd-hosting.pt\/?product=atl-gel-de-banho-500ml","title":{"rendered":"ATL Gel de Banho 500ml"},"content":{"rendered":"<p class=\"wosc-text-s wosc-text-justify\"><strong class=\"wosc-text-secondary\">ATL\u00ae Gel de banho<\/strong> foi desenvolvido para a higiene di\u00e1ria da pele seca, muito sens\u00edvel e reativa.<\/p>\n<p class=\"wosc-text-s wosc-text-justify\">Na sua composi\u00e7\u00e3o encontramos subst\u00e2ncias com propriedades hidratantes e suavizantes. Estas preservam o filme hidrolip\u00eddico (barreira que preserva a \u00e1gua e impede o desenvolvimento de bact\u00e9rias) e respeitam o pH fisiol\u00f3gico da pele.<\/p>\n<p class=\"wosc-text-s wosc-text-justify\">Indicado para uma <strong>higiene suave do corpo e rosto, incluindo o couro cabeludo.<\/strong> Para\u00a0toda a fam\u00edlia, desde o nascimento.<\/p>\n<p class=\"wosc-text-s wosc-text-justify\">Formulado para minimizar o risco de rea\u00e7\u00e3o al\u00e9rgica, sendo assim adequado para pele seca com tend\u00eancia at\u00f3pica ou psori\u00e1tica. Muito boa tolerabilidade oftalmol\u00f3gica e dermatol\u00f3gica.<\/p>\n","protected":false},"excerpt":{"rendered":"<p>Cuidado de higiene di\u00e1ria para toda a fam\u00edlia desde o nascimento &#8211; pele seca, muito sens\u00edvel e reativa.<\/p>\n","protected":false},"featured_media":569,"comment_status":"open","ping_status":"closed","template":"","meta":{"_acf_changed":false},"product_cat":[1038,1016,1062,990,987,1025,1065,996,1279,1028,1007,1011,999,1036,1014,986],"product_tag":[],"wos_brand":[1098],"class_list":{"0":"post-105086","1":"product","2":"type-product","3":"status-publish","4":"has-post-thumbnail","6":"product_cat-atopia-outros-cuidados","7":"product_cat-atopia","8":"product_cat-bebe","9":"product_cat-bebe-e-mama","10":"product_cat-corpo","11":"product_cat-higiene-corpo-2","12":"product_cat-higiene-bebe","13":"product_cat-higiene","14":"product_cat-higiene-corporal","15":"product_cat-outros-cuidados","16":"product_cat-pele-seca-higiene","17":"product_cat-pele-sensivel-higiene","18":"product_cat-problemas-de-pele","19":"product_cat-psoriase-outros-cuidados","20":"product_cat-psoriase","21":"product_cat-rosto","22":"wos_brand-atl","24":"first","25":"outofstock","26":"taxable","27":"shipping-taxable","28":"product-type-simple"},"acf":[],"yoast_head":"<!-- This site is optimized with the Yoast SEO plugin v22.8 - https:\/\/yoast.com\/wordpress\/plugins\/seo\/ -->\n<title>ATL Gel de Banho 500ml - World Of Skin<\/title>\n<meta name=\"description\" content=\"ATL\u00ae Gel de banho foi desenvolvido para a higiene di\u00e1ria da pele seca, sens\u00edvel e reativa de toda a fam\u00edlia, com propriedades hidratantes e suavizantes.\" \/>\n<meta name=\"robots\" content=\"index, follow, max-snippet:-1, max-image-preview:large, max-video-preview:-1\" \/>\n<link rel=\"canonical\" href=\"https:\/\/wos-dev-1.staging.sd-hosting.pt\/produto\/atl-gel-de-banho-500ml\/\" \/>\n<meta property=\"og:locale\" content=\"pt_PT\" \/>\n<meta property=\"og:type\" content=\"article\" \/>\n<meta property=\"og:title\" content=\"ATL Gel de Banho 500ml - World Of Skin\" \/>\n<meta property=\"og:description\" content=\"ATL\u00ae Gel de banho foi desenvolvido para a higiene di\u00e1ria da pele seca, sens\u00edvel e reativa de toda a fam\u00edlia, com propriedades hidratantes e suavizantes.\" \/>\n<meta property=\"og:url\" content=\"https:\/\/wos-dev-1.staging.sd-hosting.pt\/produto\/atl-gel-de-banho-500ml\/\" \/>\n<meta property=\"og:site_name\" content=\"World Of Skin\" \/>\n<meta property=\"article:publisher\" content=\"https:\/\/www.facebook.com\/worldofskin.pt\/\" \/>\n<meta property=\"article:modified_time\" content=\"2023-05-11T10:30:36+00:00\" \/>\n<meta property=\"og:image\" content=\"https:\/\/wos-dev-1.staging.sd-hosting.pt\/wp-content\/uploads\/2022\/11\/atl-gel-de-banho.png\" \/>\n\t<meta property=\"og:image:width\" content=\"1024\" \/>\n\t<meta property=\"og:image:height\" content=\"768\" \/>\n\t<meta property=\"og:image:type\" content=\"image\/png\" \/>\n<meta name=\"twitter:card\" content=\"summary_large_image\" \/>\n<meta name=\"twitter:label1\" content=\"Tempo estimado de leitura\" \/>\n\t<meta name=\"twitter:data1\" content=\"1 minuto\" \/>\n<script type=\"application\/ld+json\" class=\"yoast-schema-graph\">{\"@context\":\"https:\/\/schema.org\",\"@graph\":[{\"@type\":\"WebPage\",\"@id\":\"https:\/\/wos-dev-1.staging.sd-hosting.pt\/produto\/atl-gel-de-banho-500ml\/\",\"url\":\"https:\/\/wos-dev-1.staging.sd-hosting.pt\/produto\/atl-gel-de-banho-500ml\/\",\"name\":\"ATL Gel de Banho 500ml - World Of Skin\",\"isPartOf\":{\"@id\":\"https:\/\/wos-dev-1.staging.sd-hosting.pt\/#website\"},\"primaryImageOfPage\":{\"@id\":\"https:\/\/wos-dev-1.staging.sd-hosting.pt\/produto\/atl-gel-de-banho-500ml\/#primaryimage\"},\"image\":{\"@id\":\"https:\/\/wos-dev-1.staging.sd-hosting.pt\/produto\/atl-gel-de-banho-500ml\/#primaryimage\"},\"thumbnailUrl\":\"https:\/\/wos-dev-1.staging.sd-hosting.pt\/wp-content\/uploads\/2022\/11\/atl-gel-de-banho.png\",\"datePublished\":\"2023-04-13T15:56:39+00:00\",\"dateModified\":\"2023-05-11T10:30:36+00:00\",\"description\":\"ATL\u00ae Gel de banho foi desenvolvido para a higiene di\u00e1ria da pele seca, sens\u00edvel e reativa de toda a fam\u00edlia, com propriedades hidratantes e suavizantes.\",\"breadcrumb\":{\"@id\":\"https:\/\/wos-dev-1.staging.sd-hosting.pt\/produto\/atl-gel-de-banho-500ml\/#breadcrumb\"},\"inLanguage\":\"pt-PT\",\"potentialAction\":[{\"@type\":\"ReadAction\",\"target\":[\"https:\/\/wos-dev-1.staging.sd-hosting.pt\/produto\/atl-gel-de-banho-500ml\/\"]}]},{\"@type\":\"ImageObject\",\"inLanguage\":\"pt-PT\",\"@id\":\"https:\/\/wos-dev-1.staging.sd-hosting.pt\/produto\/atl-gel-de-banho-500ml\/#primaryimage\",\"url\":\"https:\/\/wos-dev-1.staging.sd-hosting.pt\/wp-content\/uploads\/2022\/11\/atl-gel-de-banho.png\",\"contentUrl\":\"https:\/\/wos-dev-1.staging.sd-hosting.pt\/wp-content\/uploads\/2022\/11\/atl-gel-de-banho.png\",\"width\":1024,\"height\":768,\"caption\":\"ATL Gel de Banho - higiene di\u00e1ria da pele seca, muito sens\u00edvel e reativa\"},{\"@type\":\"BreadcrumbList\",\"@id\":\"https:\/\/wos-dev-1.staging.sd-hosting.pt\/produto\/atl-gel-de-banho-500ml\/#breadcrumb\",\"itemListElement\":[{\"@type\":\"ListItem\",\"position\":1,\"name\":\"In\u00edcio\",\"item\":\"https:\/\/wos-dev-1.staging.sd-hosting.pt\/\"},{\"@type\":\"ListItem\",\"position\":2,\"name\":\"ATL Gel de Banho 500ml\"}]},{\"@type\":\"WebSite\",\"@id\":\"https:\/\/wos-dev-1.staging.sd-hosting.pt\/#website\",\"url\":\"https:\/\/wos-dev-1.staging.sd-hosting.pt\/\",\"name\":\"World Of Skin\",\"description\":\"World Of Skin\",\"publisher\":{\"@id\":\"https:\/\/wos-dev-1.staging.sd-hosting.pt\/#organization\"},\"potentialAction\":[{\"@type\":\"SearchAction\",\"target\":{\"@type\":\"EntryPoint\",\"urlTemplate\":\"https:\/\/wos-dev-1.staging.sd-hosting.pt\/?s={search_term_string}\"},\"query-input\":\"required name=search_term_string\"}],\"inLanguage\":\"pt-PT\"},{\"@type\":\"Organization\",\"@id\":\"https:\/\/wos-dev-1.staging.sd-hosting.pt\/#organization\",\"name\":\"World Of Skin\",\"url\":\"https:\/\/wos-dev-1.staging.sd-hosting.pt\/\",\"logo\":{\"@type\":\"ImageObject\",\"inLanguage\":\"pt-PT\",\"@id\":\"https:\/\/wos-dev-1.staging.sd-hosting.pt\/#\/schema\/logo\/image\/\",\"url\":\"https:\/\/wos-dev-1.staging.sd-hosting.pt\/wp-content\/uploads\/2022\/10\/Logotipo_Final.png\",\"contentUrl\":\"https:\/\/wos-dev-1.staging.sd-hosting.pt\/wp-content\/uploads\/2022\/10\/Logotipo_Final.png\",\"width\":1774,\"height\":1536,\"caption\":\"World Of Skin\"},\"image\":{\"@id\":\"https:\/\/wos-dev-1.staging.sd-hosting.pt\/#\/schema\/logo\/image\/\"},\"sameAs\":[\"https:\/\/www.facebook.com\/worldofskin.pt\/\",\"https:\/\/www.instagram.com\/world.of.skin\/\"]}]}<\/script>\n<!-- \/ Yoast SEO plugin. -->","yoast_head_json":{"title":"ATL Gel de Banho 500ml - World Of Skin","description":"ATL\u00ae Gel de banho foi desenvolvido para a higiene di\u00e1ria da pele seca, sens\u00edvel e reativa de toda a fam\u00edlia, com propriedades hidratantes e suavizantes.","robots":{"index":"index","follow":"follow","max-snippet":"max-snippet:-1","max-image-preview":"max-image-preview:large","max-video-preview":"max-video-preview:-1"},"canonical":"https:\/\/wos-dev-1.staging.sd-hosting.pt\/produto\/atl-gel-de-banho-500ml\/","og_locale":"pt_PT","og_type":"article","og_title":"ATL Gel de Banho 500ml - World Of Skin","og_description":"ATL\u00ae Gel de banho foi desenvolvido para a higiene di\u00e1ria da pele seca, sens\u00edvel e reativa de toda a fam\u00edlia, com propriedades hidratantes e suavizantes.","og_url":"https:\/\/wos-dev-1.staging.sd-hosting.pt\/produto\/atl-gel-de-banho-500ml\/","og_site_name":"World Of Skin","article_publisher":"https:\/\/www.facebook.com\/worldofskin.pt\/","article_modified_time":"2023-05-11T10:30:36+00:00","og_image":[{"width":1024,"height":768,"url":"https:\/\/wos-dev-1.staging.sd-hosting.pt\/wp-content\/uploads\/2022\/11\/atl-gel-de-banho.png","type":"image\/png"}],"twitter_card":"summary_large_image","twitter_misc":{"Tempo estimado de leitura":"1 minuto"},"schema":{"@context":"https:\/\/schema.org","@graph":[{"@type":"WebPage","@id":"https:\/\/wos-dev-1.staging.sd-hosting.pt\/produto\/atl-gel-de-banho-500ml\/","url":"https:\/\/wos-dev-1.staging.sd-hosting.pt\/produto\/atl-gel-de-banho-500ml\/","name":"ATL Gel de Banho 500ml - World Of Skin","isPartOf":{"@id":"https:\/\/wos-dev-1.staging.sd-hosting.pt\/#website"},"primaryImageOfPage":{"@id":"https:\/\/wos-dev-1.staging.sd-hosting.pt\/produto\/atl-gel-de-banho-500ml\/#primaryimage"},"image":{"@id":"https:\/\/wos-dev-1.staging.sd-hosting.pt\/produto\/atl-gel-de-banho-500ml\/#primaryimage"},"thumbnailUrl":"https:\/\/wos-dev-1.staging.sd-hosting.pt\/wp-content\/uploads\/2022\/11\/atl-gel-de-banho.png","datePublished":"2023-04-13T15:56:39+00:00","dateModified":"2023-05-11T10:30:36+00:00","description":"ATL\u00ae Gel de banho foi desenvolvido para a higiene di\u00e1ria da pele seca, sens\u00edvel e reativa de toda a fam\u00edlia, com propriedades hidratantes e suavizantes.","breadcrumb":{"@id":"https:\/\/wos-dev-1.staging.sd-hosting.pt\/produto\/atl-gel-de-banho-500ml\/#breadcrumb"},"inLanguage":"pt-PT","potentialAction":[{"@type":"ReadAction","target":["https:\/\/wos-dev-1.staging.sd-hosting.pt\/produto\/atl-gel-de-banho-500ml\/"]}]},{"@type":"ImageObject","inLanguage":"pt-PT","@id":"https:\/\/wos-dev-1.staging.sd-hosting.pt\/produto\/atl-gel-de-banho-500ml\/#primaryimage","url":"https:\/\/wos-dev-1.staging.sd-hosting.pt\/wp-content\/uploads\/2022\/11\/atl-gel-de-banho.png","contentUrl":"https:\/\/wos-dev-1.staging.sd-hosting.pt\/wp-content\/uploads\/2022\/11\/atl-gel-de-banho.png","width":1024,"height":768,"caption":"ATL Gel de Banho - higiene di\u00e1ria da pele seca, muito sens\u00edvel e reativa"},{"@type":"BreadcrumbList","@id":"https:\/\/wos-dev-1.staging.sd-hosting.pt\/produto\/atl-gel-de-banho-500ml\/#breadcrumb","itemListElement":[{"@type":"ListItem","position":1,"name":"In\u00edcio","item":"https:\/\/wos-dev-1.staging.sd-hosting.pt\/"},{"@type":"ListItem","position":2,"name":"ATL Gel de Banho 500ml"}]},{"@type":"WebSite","@id":"https:\/\/wos-dev-1.staging.sd-hosting.pt\/#website","url":"https:\/\/wos-dev-1.staging.sd-hosting.pt\/","name":"World Of Skin","description":"World Of Skin","publisher":{"@id":"https:\/\/wos-dev-1.staging.sd-hosting.pt\/#organization"},"potentialAction":[{"@type":"SearchAction","target":{"@type":"EntryPoint","urlTemplate":"https:\/\/wos-dev-1.staging.sd-hosting.pt\/?s={search_term_string}"},"query-input":"required name=search_term_string"}],"inLanguage":"pt-PT"},{"@type":"Organization","@id":"https:\/\/wos-dev-1.staging.sd-hosting.pt\/#organization","name":"World Of Skin","url":"https:\/\/wos-dev-1.staging.sd-hosting.pt\/","logo":{"@type":"ImageObject","inLanguage":"pt-PT","@id":"https:\/\/wos-dev-1.staging.sd-hosting.pt\/#\/schema\/logo\/image\/","url":"https:\/\/wos-dev-1.staging.sd-hosting.pt\/wp-content\/uploads\/2022\/10\/Logotipo_Final.png","contentUrl":"https:\/\/wos-dev-1.staging.sd-hosting.pt\/wp-content\/uploads\/2022\/10\/Logotipo_Final.png","width":1774,"height":1536,"caption":"World Of Skin"},"image":{"@id":"https:\/\/wos-dev-1.staging.sd-hosting.pt\/#\/schema\/logo\/image\/"},"sameAs":["https:\/\/www.facebook.com\/worldofskin.pt\/","https:\/\/www.instagram.com\/world.of.skin\/"]}]}},"_links":{"self":[{"href":"https:\/\/wos-dev-1.staging.sd-hosting.pt\/index.php?rest_route=\/wp\/v2\/product\/105086","targetHints":{"allow":["GET"]}}],"collection":[{"href":"https:\/\/wos-dev-1.staging.sd-hosting.pt\/index.php?rest_route=\/wp\/v2\/product"}],"about":[{"href":"https:\/\/wos-dev-1.staging.sd-hosting.pt\/index.php?rest_route=\/wp\/v2\/types\/product"}],"replies":[{"embeddable":true,"href":"https:\/\/wos-dev-1.staging.sd-hosting.pt\/index.php?rest_route=%2Fwp%2Fv2%2Fcomments&post=105086"}],"wp:featuredmedia":[{"embeddable":true,"href":"https:\/\/wos-dev-1.staging.sd-hosting.pt\/index.php?rest_route=\/wp\/v2\/media\/569"}],"wp:attachment":[{"href":"https:\/\/wos-dev-1.staging.sd-hosting.pt\/index.php?rest_route=%2Fwp%2Fv2%2Fmedia&parent=105086"}],"wp:term":[{"taxonomy":"product_cat","embeddable":true,"href":"https:\/\/wos-dev-1.staging.sd-hosting.pt\/index.php?rest_route=%2Fwp%2Fv2%2Fproduct_cat&post=105086"},{"taxonomy":"product_tag","embeddable":true,"href":"https:\/\/wos-dev-1.staging.sd-hosting.pt\/index.php?rest_route=%2Fwp%2Fv2%2Fproduct_tag&post=105086"},{"taxonomy":"wos_brand","embeddable":true,"href":"https:\/\/wos-dev-1.staging.sd-hosting.pt\/index.php?rest_route=%2Fwp%2Fv2%2Fwos_brand&post=105086"}],"curies":[{"name":"wp","href":"https:\/\/api.w.org\/{rel}","templated":true}]}}