{"id":104985,"date":"2023-04-11T10:48:38","date_gmt":"2023-04-11T10:48:38","guid":{"rendered":"https:\/\/wos-dev-1.staging.sd-hosting.pt\/produto\/vichy-homme-after-shave-sensi-baume-75ml\/"},"modified":"2023-08-22T08:59:37","modified_gmt":"2023-08-22T08:59:37","slug":"vichy-homme-after-shave-sensi-baume-pele-sensivel","status":"publish","type":"product","link":"https:\/\/wos-dev-1.staging.sd-hosting.pt\/?product=vichy-homme-after-shave-sensi-baume-pele-sensivel","title":{"rendered":"Vichy Homme After-Shave Sensi-Baume 75ml"},"content":{"rendered":"<p class=\"wosc-text-s wosc-text-justify\"><strong class=\"wosc-text-secondary\">Vichy Homme After-Shave Sensi-Baume<\/strong> indicado para homens de pele sens\u00edvel que procuram um al\u00edvio para o ardor e a irrita\u00e7\u00e3o do barbear.<\/p>\n<p class=\"wosc-text-s wosc-text-justify\">Este cuidado aftershave conjuga o poder da \u00c1gua Termal fortificante, rica em minerais, com o apaziguamento do C\u00e1lcio dermo-reparador, garantindo \u00e0 pele sens\u00edvel uma dupla ac\u00e7\u00e3o:<\/p>\n<ul>\n<li class=\"wosc-li-p\">Apaziguamento SOS imediato (diminui irrita\u00e7\u00e3o e vermelhid\u00e3o).<\/li>\n<li class=\"wosc-li-p\">Fortifica a pele, barbear ap\u00f3s barbear.<\/li>\n<\/ul>\n<p class=\"wosc-text-s wosc-text-justify\">A pele fica mais forte, menos sujeita \u00e0s agress\u00f5es do barbear.<\/p>\n<p class=\"wosc-text-s wosc-text-justify\">Recomendado para peles sens\u00edveis.<\/p>\n","protected":false},"excerpt":{"rendered":"<p>B\u00e1lsamo after-shave para pele sens\u00edvel.<\/p>\n","protected":false},"featured_media":1430,"comment_status":"open","ping_status":"closed","template":"","meta":{"_acf_changed":false},"product_cat":[1043,988,1042],"product_tag":[],"wos_brand":[1114],"class_list":{"0":"post-104985","1":"product","2":"type-product","3":"status-publish","4":"has-post-thumbnail","6":"product_cat-cabelo-e-barba","7":"product_cat-homem","8":"product_cat-rosto-homem","9":"wos_brand-vichy","11":"first","12":"outofstock","13":"taxable","14":"shipping-taxable","15":"purchasable","16":"product-type-simple"},"acf":[],"yoast_head":"<!-- This site is optimized with the Yoast SEO plugin v22.8 - https:\/\/yoast.com\/wordpress\/plugins\/seo\/ -->\n<title>Vichy Homme After-Shave Sensi-Baume 75ml - World Of Skin<\/title>\n<meta name=\"description\" content=\"Vichy Homme After-Shave Sensi-Baume indicado para homens de pele sens\u00edvel que procuram um al\u00edvio para o ardor e a irrita\u00e7\u00e3o do barbear.\" \/>\n<meta name=\"robots\" content=\"index, follow, max-snippet:-1, max-image-preview:large, max-video-preview:-1\" \/>\n<link rel=\"canonical\" href=\"https:\/\/wos-dev-1.staging.sd-hosting.pt\/produto\/vichy-homme-after-shave-sensi-baume-pele-sensivel\/\" \/>\n<meta property=\"og:locale\" content=\"pt_PT\" \/>\n<meta property=\"og:type\" content=\"article\" \/>\n<meta property=\"og:title\" content=\"Vichy Homme After-Shave Sensi-Baume 75ml - World Of Skin\" \/>\n<meta property=\"og:description\" content=\"Vichy Homme After-Shave Sensi-Baume indicado para homens de pele sens\u00edvel que procuram um al\u00edvio para o ardor e a irrita\u00e7\u00e3o do barbear.\" \/>\n<meta property=\"og:url\" content=\"https:\/\/wos-dev-1.staging.sd-hosting.pt\/produto\/vichy-homme-after-shave-sensi-baume-pele-sensivel\/\" \/>\n<meta property=\"og:site_name\" content=\"World Of Skin\" \/>\n<meta property=\"article:publisher\" content=\"https:\/\/www.facebook.com\/worldofskin.pt\/\" \/>\n<meta property=\"article:modified_time\" content=\"2023-08-22T08:59:37+00:00\" \/>\n<meta property=\"og:image\" content=\"https:\/\/wos-dev-1.staging.sd-hosting.pt\/wp-content\/uploads\/2023\/01\/cosmetica-ativa-vichy-homme-after-shave-sensi-baume.jpg\" \/>\n\t<meta property=\"og:image:width\" content=\"2000\" \/>\n\t<meta property=\"og:image:height\" content=\"2000\" \/>\n\t<meta property=\"og:image:type\" content=\"image\/jpeg\" \/>\n<meta name=\"twitter:card\" content=\"summary_large_image\" \/>\n<meta name=\"twitter:label1\" content=\"Tempo estimado de leitura\" \/>\n\t<meta name=\"twitter:data1\" content=\"1 minuto\" \/>\n<script type=\"application\/ld+json\" class=\"yoast-schema-graph\">{\"@context\":\"https:\/\/schema.org\",\"@graph\":[{\"@type\":\"WebPage\",\"@id\":\"https:\/\/wos-dev-1.staging.sd-hosting.pt\/produto\/vichy-homme-after-shave-sensi-baume-pele-sensivel\/\",\"url\":\"https:\/\/wos-dev-1.staging.sd-hosting.pt\/produto\/vichy-homme-after-shave-sensi-baume-pele-sensivel\/\",\"name\":\"Vichy Homme After-Shave Sensi-Baume 75ml - World Of Skin\",\"isPartOf\":{\"@id\":\"https:\/\/wos-dev-1.staging.sd-hosting.pt\/#website\"},\"primaryImageOfPage\":{\"@id\":\"https:\/\/wos-dev-1.staging.sd-hosting.pt\/produto\/vichy-homme-after-shave-sensi-baume-pele-sensivel\/#primaryimage\"},\"image\":{\"@id\":\"https:\/\/wos-dev-1.staging.sd-hosting.pt\/produto\/vichy-homme-after-shave-sensi-baume-pele-sensivel\/#primaryimage\"},\"thumbnailUrl\":\"https:\/\/wos-dev-1.staging.sd-hosting.pt\/wp-content\/uploads\/2023\/01\/cosmetica-ativa-vichy-homme-after-shave-sensi-baume.jpg\",\"datePublished\":\"2023-04-11T10:48:38+00:00\",\"dateModified\":\"2023-08-22T08:59:37+00:00\",\"description\":\"Vichy Homme After-Shave Sensi-Baume indicado para homens de pele sens\u00edvel que procuram um al\u00edvio para o ardor e a irrita\u00e7\u00e3o do barbear.\",\"breadcrumb\":{\"@id\":\"https:\/\/wos-dev-1.staging.sd-hosting.pt\/produto\/vichy-homme-after-shave-sensi-baume-pele-sensivel\/#breadcrumb\"},\"inLanguage\":\"pt-PT\",\"potentialAction\":[{\"@type\":\"ReadAction\",\"target\":[\"https:\/\/wos-dev-1.staging.sd-hosting.pt\/produto\/vichy-homme-after-shave-sensi-baume-pele-sensivel\/\"]}]},{\"@type\":\"ImageObject\",\"inLanguage\":\"pt-PT\",\"@id\":\"https:\/\/wos-dev-1.staging.sd-hosting.pt\/produto\/vichy-homme-after-shave-sensi-baume-pele-sensivel\/#primaryimage\",\"url\":\"https:\/\/wos-dev-1.staging.sd-hosting.pt\/wp-content\/uploads\/2023\/01\/cosmetica-ativa-vichy-homme-after-shave-sensi-baume.jpg\",\"contentUrl\":\"https:\/\/wos-dev-1.staging.sd-hosting.pt\/wp-content\/uploads\/2023\/01\/cosmetica-ativa-vichy-homme-after-shave-sensi-baume.jpg\",\"width\":2000,\"height\":2000,\"caption\":\"Vichy Homme After-Shave Sensi-Baume 75ml para pele sens\u00edvel\"},{\"@type\":\"BreadcrumbList\",\"@id\":\"https:\/\/wos-dev-1.staging.sd-hosting.pt\/produto\/vichy-homme-after-shave-sensi-baume-pele-sensivel\/#breadcrumb\",\"itemListElement\":[{\"@type\":\"ListItem\",\"position\":1,\"name\":\"In\u00edcio\",\"item\":\"https:\/\/wos-dev-1.staging.sd-hosting.pt\/\"},{\"@type\":\"ListItem\",\"position\":2,\"name\":\"Vichy Homme After-Shave Sensi-Baume 75ml\"}]},{\"@type\":\"WebSite\",\"@id\":\"https:\/\/wos-dev-1.staging.sd-hosting.pt\/#website\",\"url\":\"https:\/\/wos-dev-1.staging.sd-hosting.pt\/\",\"name\":\"World Of Skin\",\"description\":\"World Of Skin\",\"publisher\":{\"@id\":\"https:\/\/wos-dev-1.staging.sd-hosting.pt\/#organization\"},\"potentialAction\":[{\"@type\":\"SearchAction\",\"target\":{\"@type\":\"EntryPoint\",\"urlTemplate\":\"https:\/\/wos-dev-1.staging.sd-hosting.pt\/?s={search_term_string}\"},\"query-input\":\"required name=search_term_string\"}],\"inLanguage\":\"pt-PT\"},{\"@type\":\"Organization\",\"@id\":\"https:\/\/wos-dev-1.staging.sd-hosting.pt\/#organization\",\"name\":\"World Of Skin\",\"url\":\"https:\/\/wos-dev-1.staging.sd-hosting.pt\/\",\"logo\":{\"@type\":\"ImageObject\",\"inLanguage\":\"pt-PT\",\"@id\":\"https:\/\/wos-dev-1.staging.sd-hosting.pt\/#\/schema\/logo\/image\/\",\"url\":\"https:\/\/wos-dev-1.staging.sd-hosting.pt\/wp-content\/uploads\/2022\/10\/Logotipo_Final.png\",\"contentUrl\":\"https:\/\/wos-dev-1.staging.sd-hosting.pt\/wp-content\/uploads\/2022\/10\/Logotipo_Final.png\",\"width\":1774,\"height\":1536,\"caption\":\"World Of Skin\"},\"image\":{\"@id\":\"https:\/\/wos-dev-1.staging.sd-hosting.pt\/#\/schema\/logo\/image\/\"},\"sameAs\":[\"https:\/\/www.facebook.com\/worldofskin.pt\/\",\"https:\/\/www.instagram.com\/world.of.skin\/\"]}]}<\/script>\n<!-- \/ Yoast SEO plugin. -->","yoast_head_json":{"title":"Vichy Homme After-Shave Sensi-Baume 75ml - World Of Skin","description":"Vichy Homme After-Shave Sensi-Baume indicado para homens de pele sens\u00edvel que procuram um al\u00edvio para o ardor e a irrita\u00e7\u00e3o do barbear.","robots":{"index":"index","follow":"follow","max-snippet":"max-snippet:-1","max-image-preview":"max-image-preview:large","max-video-preview":"max-video-preview:-1"},"canonical":"https:\/\/wos-dev-1.staging.sd-hosting.pt\/produto\/vichy-homme-after-shave-sensi-baume-pele-sensivel\/","og_locale":"pt_PT","og_type":"article","og_title":"Vichy Homme After-Shave Sensi-Baume 75ml - World Of Skin","og_description":"Vichy Homme After-Shave Sensi-Baume indicado para homens de pele sens\u00edvel que procuram um al\u00edvio para o ardor e a irrita\u00e7\u00e3o do barbear.","og_url":"https:\/\/wos-dev-1.staging.sd-hosting.pt\/produto\/vichy-homme-after-shave-sensi-baume-pele-sensivel\/","og_site_name":"World Of Skin","article_publisher":"https:\/\/www.facebook.com\/worldofskin.pt\/","article_modified_time":"2023-08-22T08:59:37+00:00","og_image":[{"width":2000,"height":2000,"url":"https:\/\/wos-dev-1.staging.sd-hosting.pt\/wp-content\/uploads\/2023\/01\/cosmetica-ativa-vichy-homme-after-shave-sensi-baume.jpg","type":"image\/jpeg"}],"twitter_card":"summary_large_image","twitter_misc":{"Tempo estimado de leitura":"1 minuto"},"schema":{"@context":"https:\/\/schema.org","@graph":[{"@type":"WebPage","@id":"https:\/\/wos-dev-1.staging.sd-hosting.pt\/produto\/vichy-homme-after-shave-sensi-baume-pele-sensivel\/","url":"https:\/\/wos-dev-1.staging.sd-hosting.pt\/produto\/vichy-homme-after-shave-sensi-baume-pele-sensivel\/","name":"Vichy Homme After-Shave Sensi-Baume 75ml - World Of Skin","isPartOf":{"@id":"https:\/\/wos-dev-1.staging.sd-hosting.pt\/#website"},"primaryImageOfPage":{"@id":"https:\/\/wos-dev-1.staging.sd-hosting.pt\/produto\/vichy-homme-after-shave-sensi-baume-pele-sensivel\/#primaryimage"},"image":{"@id":"https:\/\/wos-dev-1.staging.sd-hosting.pt\/produto\/vichy-homme-after-shave-sensi-baume-pele-sensivel\/#primaryimage"},"thumbnailUrl":"https:\/\/wos-dev-1.staging.sd-hosting.pt\/wp-content\/uploads\/2023\/01\/cosmetica-ativa-vichy-homme-after-shave-sensi-baume.jpg","datePublished":"2023-04-11T10:48:38+00:00","dateModified":"2023-08-22T08:59:37+00:00","description":"Vichy Homme After-Shave Sensi-Baume indicado para homens de pele sens\u00edvel que procuram um al\u00edvio para o ardor e a irrita\u00e7\u00e3o do barbear.","breadcrumb":{"@id":"https:\/\/wos-dev-1.staging.sd-hosting.pt\/produto\/vichy-homme-after-shave-sensi-baume-pele-sensivel\/#breadcrumb"},"inLanguage":"pt-PT","potentialAction":[{"@type":"ReadAction","target":["https:\/\/wos-dev-1.staging.sd-hosting.pt\/produto\/vichy-homme-after-shave-sensi-baume-pele-sensivel\/"]}]},{"@type":"ImageObject","inLanguage":"pt-PT","@id":"https:\/\/wos-dev-1.staging.sd-hosting.pt\/produto\/vichy-homme-after-shave-sensi-baume-pele-sensivel\/#primaryimage","url":"https:\/\/wos-dev-1.staging.sd-hosting.pt\/wp-content\/uploads\/2023\/01\/cosmetica-ativa-vichy-homme-after-shave-sensi-baume.jpg","contentUrl":"https:\/\/wos-dev-1.staging.sd-hosting.pt\/wp-content\/uploads\/2023\/01\/cosmetica-ativa-vichy-homme-after-shave-sensi-baume.jpg","width":2000,"height":2000,"caption":"Vichy Homme After-Shave Sensi-Baume 75ml para pele sens\u00edvel"},{"@type":"BreadcrumbList","@id":"https:\/\/wos-dev-1.staging.sd-hosting.pt\/produto\/vichy-homme-after-shave-sensi-baume-pele-sensivel\/#breadcrumb","itemListElement":[{"@type":"ListItem","position":1,"name":"In\u00edcio","item":"https:\/\/wos-dev-1.staging.sd-hosting.pt\/"},{"@type":"ListItem","position":2,"name":"Vichy Homme After-Shave Sensi-Baume 75ml"}]},{"@type":"WebSite","@id":"https:\/\/wos-dev-1.staging.sd-hosting.pt\/#website","url":"https:\/\/wos-dev-1.staging.sd-hosting.pt\/","name":"World Of Skin","description":"World Of Skin","publisher":{"@id":"https:\/\/wos-dev-1.staging.sd-hosting.pt\/#organization"},"potentialAction":[{"@type":"SearchAction","target":{"@type":"EntryPoint","urlTemplate":"https:\/\/wos-dev-1.staging.sd-hosting.pt\/?s={search_term_string}"},"query-input":"required name=search_term_string"}],"inLanguage":"pt-PT"},{"@type":"Organization","@id":"https:\/\/wos-dev-1.staging.sd-hosting.pt\/#organization","name":"World Of Skin","url":"https:\/\/wos-dev-1.staging.sd-hosting.pt\/","logo":{"@type":"ImageObject","inLanguage":"pt-PT","@id":"https:\/\/wos-dev-1.staging.sd-hosting.pt\/#\/schema\/logo\/image\/","url":"https:\/\/wos-dev-1.staging.sd-hosting.pt\/wp-content\/uploads\/2022\/10\/Logotipo_Final.png","contentUrl":"https:\/\/wos-dev-1.staging.sd-hosting.pt\/wp-content\/uploads\/2022\/10\/Logotipo_Final.png","width":1774,"height":1536,"caption":"World Of Skin"},"image":{"@id":"https:\/\/wos-dev-1.staging.sd-hosting.pt\/#\/schema\/logo\/image\/"},"sameAs":["https:\/\/www.facebook.com\/worldofskin.pt\/","https:\/\/www.instagram.com\/world.of.skin\/"]}]}},"_links":{"self":[{"href":"https:\/\/wos-dev-1.staging.sd-hosting.pt\/index.php?rest_route=\/wp\/v2\/product\/104985","targetHints":{"allow":["GET"]}}],"collection":[{"href":"https:\/\/wos-dev-1.staging.sd-hosting.pt\/index.php?rest_route=\/wp\/v2\/product"}],"about":[{"href":"https:\/\/wos-dev-1.staging.sd-hosting.pt\/index.php?rest_route=\/wp\/v2\/types\/product"}],"replies":[{"embeddable":true,"href":"https:\/\/wos-dev-1.staging.sd-hosting.pt\/index.php?rest_route=%2Fwp%2Fv2%2Fcomments&post=104985"}],"wp:featuredmedia":[{"embeddable":true,"href":"https:\/\/wos-dev-1.staging.sd-hosting.pt\/index.php?rest_route=\/wp\/v2\/media\/1430"}],"wp:attachment":[{"href":"https:\/\/wos-dev-1.staging.sd-hosting.pt\/index.php?rest_route=%2Fwp%2Fv2%2Fmedia&parent=104985"}],"wp:term":[{"taxonomy":"product_cat","embeddable":true,"href":"https:\/\/wos-dev-1.staging.sd-hosting.pt\/index.php?rest_route=%2Fwp%2Fv2%2Fproduct_cat&post=104985"},{"taxonomy":"product_tag","embeddable":true,"href":"https:\/\/wos-dev-1.staging.sd-hosting.pt\/index.php?rest_route=%2Fwp%2Fv2%2Fproduct_tag&post=104985"},{"taxonomy":"wos_brand","embeddable":true,"href":"https:\/\/wos-dev-1.staging.sd-hosting.pt\/index.php?rest_route=%2Fwp%2Fv2%2Fwos_brand&post=104985"}],"curies":[{"name":"wp","href":"https:\/\/api.w.org\/{rel}","templated":true}]}}