{"id":104964,"date":"2023-04-11T10:48:25","date_gmt":"2023-04-11T10:48:25","guid":{"rendered":"https:\/\/wos-dev-1.staging.sd-hosting.pt\/produto\/la-roche-posay-lipikar-syndet-ap-400ml\/"},"modified":"2023-08-22T08:59:07","modified_gmt":"2023-08-22T08:59:07","slug":"la-roche-posay-lipikar-syndet-ap-400ml","status":"publish","type":"product","link":"https:\/\/wos-dev-1.staging.sd-hosting.pt\/?product=la-roche-posay-lipikar-syndet-ap-400ml","title":{"rendered":"La Roche Posay Lipikar Syndet AP+ 400ml"},"content":{"rendered":"<p class=\"wosc-text-s wosc-text-justify\"><strong class=\"wosc-text-secondary\">La Roche Posay Lipikar Syndet AP+<\/strong> \u00e9 um cuidado de higiene em formato de creme indicado para rec\u00e9m-nascidos, beb\u00e9s, crian\u00e7as e adultos com pele sens\u00edvel, muito seca e com tend\u00eancia ao eczema at\u00f3pico.<\/p>\n<p class=\"wosc-text-s wosc-text-justify\">Um gel-creme envolvente que apazigua e ajuda imediatamente a reduzir a secura cut\u00e2nea severa ao mesmo tempo que limpa. Baseia-se num n\u00edvel otimizado de surfactantes para o melhor equil\u00edbrio entre a suavidade e a purifica\u00e7\u00e3o da pele, produzindo em simult\u00e2neo uma espuma muito suave.<\/p>\n<p class=\"wosc-text-s wosc-text-justify\">Enriquecido com:<\/p>\n<ul>\n<li class=\"wosc-li-p\">Aqua Posae Filiformis: ingrediente patenteado exclusivo que atua ao n\u00edvel dos fatores respons\u00e1veis pela pele extremamente seca, espa\u00e7ando as crises de secura grave;<\/li>\n<li class=\"wosc-li-p\">Manteiga de Karit\u00e9: conhecida pela sua capacidade de restaurar o filme hidrolip\u00eddico da pele, com l\u00edpidos semelhantes aos da pr\u00f3pria pele e<\/li>\n<li class=\"wosc-li-p\">Niacinamida: um ingrediente ativo anti-inflamat\u00f3rio que apazigua as sensa\u00e7\u00f5es de comich\u00e3o e, ainda, estimula a s\u00edntese dos l\u00edpidos na pele.<\/li>\n<\/ul>\n<p class=\"wosc-text-s wosc-text-justify\">Indicado na higiene da pele sens\u00edvel e com prurido, com tend\u00eancia a eczema at\u00f3pico. Pode ser utilizado no couro cabeludo e na crosta l\u00e1ctea dos beb\u00e9s.<\/p>\n","protected":false},"excerpt":{"rendered":"<p>Gel-creme de higiene para pele com tend\u00eancia a eczema at\u00f3pico.<\/p>\n","protected":false},"featured_media":1354,"comment_status":"open","ping_status":"closed","template":"","meta":{"_acf_changed":false},"product_cat":[1038,1062,990,987,1065,1025,1279,1028,999,986],"product_tag":[],"wos_brand":[1113,1180],"class_list":{"0":"post-104964","1":"product","2":"type-product","3":"status-publish","4":"has-post-thumbnail","6":"product_cat-atopia-outros-cuidados","7":"product_cat-bebe","8":"product_cat-bebe-e-mama","9":"product_cat-corpo","10":"product_cat-higiene-bebe","11":"product_cat-higiene-corpo-2","12":"product_cat-higiene-corporal","13":"product_cat-outros-cuidados","14":"product_cat-problemas-de-pele","15":"product_cat-rosto","16":"wos_brand-la-roche-posay","17":"wos_brand-lipikar","19":"first","20":"outofstock","21":"taxable","22":"shipping-taxable","23":"purchasable","24":"product-type-simple"},"acf":[],"yoast_head":"<!-- This site is optimized with the Yoast SEO plugin v22.8 - https:\/\/yoast.com\/wordpress\/plugins\/seo\/ -->\n<title>La Roche Posay Lipikar Syndet AP+ 400ml - World Of Skin<\/title>\n<meta name=\"description\" content=\"Cuidado de higiene indicado para rec\u00e9m-nascidos, beb\u00e9s, crian\u00e7as e adultos com pele sens\u00edvel, muito seca e com tend\u00eancia ao eczema at\u00f3pico.\" \/>\n<meta name=\"robots\" content=\"index, follow, max-snippet:-1, max-image-preview:large, max-video-preview:-1\" \/>\n<link rel=\"canonical\" href=\"https:\/\/wos-dev-1.staging.sd-hosting.pt\/produto\/la-roche-posay-lipikar-syndet-ap-400ml\/\" \/>\n<meta property=\"og:locale\" content=\"pt_PT\" \/>\n<meta property=\"og:type\" content=\"article\" \/>\n<meta property=\"og:title\" content=\"La Roche Posay Lipikar Syndet AP+ 400ml - World Of Skin\" \/>\n<meta property=\"og:description\" content=\"Cuidado de higiene indicado para rec\u00e9m-nascidos, beb\u00e9s, crian\u00e7as e adultos com pele sens\u00edvel, muito seca e com tend\u00eancia ao eczema at\u00f3pico.\" \/>\n<meta property=\"og:url\" content=\"https:\/\/wos-dev-1.staging.sd-hosting.pt\/produto\/la-roche-posay-lipikar-syndet-ap-400ml\/\" \/>\n<meta property=\"og:site_name\" content=\"World Of Skin\" \/>\n<meta property=\"article:publisher\" content=\"https:\/\/www.facebook.com\/worldofskin.pt\/\" \/>\n<meta property=\"article:modified_time\" content=\"2023-08-22T08:59:07+00:00\" \/>\n<meta property=\"og:image\" content=\"https:\/\/wos-dev-1.staging.sd-hosting.pt\/wp-content\/uploads\/2023\/01\/cosmetica-ativa-la-roche-posay-lipikar-syndet-ap-400-frente.jpg\" \/>\n\t<meta property=\"og:image:width\" content=\"2000\" \/>\n\t<meta property=\"og:image:height\" content=\"2000\" \/>\n\t<meta property=\"og:image:type\" content=\"image\/jpeg\" \/>\n<meta name=\"twitter:card\" content=\"summary_large_image\" \/>\n<meta name=\"twitter:label1\" content=\"Tempo estimado de leitura\" \/>\n\t<meta name=\"twitter:data1\" content=\"1 minuto\" \/>\n<script type=\"application\/ld+json\" class=\"yoast-schema-graph\">{\"@context\":\"https:\/\/schema.org\",\"@graph\":[{\"@type\":\"WebPage\",\"@id\":\"https:\/\/wos-dev-1.staging.sd-hosting.pt\/produto\/la-roche-posay-lipikar-syndet-ap-400ml\/\",\"url\":\"https:\/\/wos-dev-1.staging.sd-hosting.pt\/produto\/la-roche-posay-lipikar-syndet-ap-400ml\/\",\"name\":\"La Roche Posay Lipikar Syndet AP+ 400ml - World Of Skin\",\"isPartOf\":{\"@id\":\"https:\/\/wos-dev-1.staging.sd-hosting.pt\/#website\"},\"primaryImageOfPage\":{\"@id\":\"https:\/\/wos-dev-1.staging.sd-hosting.pt\/produto\/la-roche-posay-lipikar-syndet-ap-400ml\/#primaryimage\"},\"image\":{\"@id\":\"https:\/\/wos-dev-1.staging.sd-hosting.pt\/produto\/la-roche-posay-lipikar-syndet-ap-400ml\/#primaryimage\"},\"thumbnailUrl\":\"https:\/\/wos-dev-1.staging.sd-hosting.pt\/wp-content\/uploads\/2023\/01\/cosmetica-ativa-la-roche-posay-lipikar-syndet-ap-400-frente.jpg\",\"datePublished\":\"2023-04-11T10:48:25+00:00\",\"dateModified\":\"2023-08-22T08:59:07+00:00\",\"description\":\"Cuidado de higiene indicado para rec\u00e9m-nascidos, beb\u00e9s, crian\u00e7as e adultos com pele sens\u00edvel, muito seca e com tend\u00eancia ao eczema at\u00f3pico.\",\"breadcrumb\":{\"@id\":\"https:\/\/wos-dev-1.staging.sd-hosting.pt\/produto\/la-roche-posay-lipikar-syndet-ap-400ml\/#breadcrumb\"},\"inLanguage\":\"pt-PT\",\"potentialAction\":[{\"@type\":\"ReadAction\",\"target\":[\"https:\/\/wos-dev-1.staging.sd-hosting.pt\/produto\/la-roche-posay-lipikar-syndet-ap-400ml\/\"]}]},{\"@type\":\"ImageObject\",\"inLanguage\":\"pt-PT\",\"@id\":\"https:\/\/wos-dev-1.staging.sd-hosting.pt\/produto\/la-roche-posay-lipikar-syndet-ap-400ml\/#primaryimage\",\"url\":\"https:\/\/wos-dev-1.staging.sd-hosting.pt\/wp-content\/uploads\/2023\/01\/cosmetica-ativa-la-roche-posay-lipikar-syndet-ap-400-frente.jpg\",\"contentUrl\":\"https:\/\/wos-dev-1.staging.sd-hosting.pt\/wp-content\/uploads\/2023\/01\/cosmetica-ativa-la-roche-posay-lipikar-syndet-ap-400-frente.jpg\",\"width\":2000,\"height\":2000,\"caption\":\"La Roche Posay Lipikar Syndet AP+ 400ml- higiene para eczema at\u00f3pico\"},{\"@type\":\"BreadcrumbList\",\"@id\":\"https:\/\/wos-dev-1.staging.sd-hosting.pt\/produto\/la-roche-posay-lipikar-syndet-ap-400ml\/#breadcrumb\",\"itemListElement\":[{\"@type\":\"ListItem\",\"position\":1,\"name\":\"In\u00edcio\",\"item\":\"https:\/\/wos-dev-1.staging.sd-hosting.pt\/\"},{\"@type\":\"ListItem\",\"position\":2,\"name\":\"La Roche Posay Lipikar Syndet AP+ 400ml\"}]},{\"@type\":\"WebSite\",\"@id\":\"https:\/\/wos-dev-1.staging.sd-hosting.pt\/#website\",\"url\":\"https:\/\/wos-dev-1.staging.sd-hosting.pt\/\",\"name\":\"World Of Skin\",\"description\":\"World Of Skin\",\"publisher\":{\"@id\":\"https:\/\/wos-dev-1.staging.sd-hosting.pt\/#organization\"},\"potentialAction\":[{\"@type\":\"SearchAction\",\"target\":{\"@type\":\"EntryPoint\",\"urlTemplate\":\"https:\/\/wos-dev-1.staging.sd-hosting.pt\/?s={search_term_string}\"},\"query-input\":\"required name=search_term_string\"}],\"inLanguage\":\"pt-PT\"},{\"@type\":\"Organization\",\"@id\":\"https:\/\/wos-dev-1.staging.sd-hosting.pt\/#organization\",\"name\":\"World Of Skin\",\"url\":\"https:\/\/wos-dev-1.staging.sd-hosting.pt\/\",\"logo\":{\"@type\":\"ImageObject\",\"inLanguage\":\"pt-PT\",\"@id\":\"https:\/\/wos-dev-1.staging.sd-hosting.pt\/#\/schema\/logo\/image\/\",\"url\":\"https:\/\/wos-dev-1.staging.sd-hosting.pt\/wp-content\/uploads\/2022\/10\/Logotipo_Final.png\",\"contentUrl\":\"https:\/\/wos-dev-1.staging.sd-hosting.pt\/wp-content\/uploads\/2022\/10\/Logotipo_Final.png\",\"width\":1774,\"height\":1536,\"caption\":\"World Of Skin\"},\"image\":{\"@id\":\"https:\/\/wos-dev-1.staging.sd-hosting.pt\/#\/schema\/logo\/image\/\"},\"sameAs\":[\"https:\/\/www.facebook.com\/worldofskin.pt\/\",\"https:\/\/www.instagram.com\/world.of.skin\/\"]}]}<\/script>\n<!-- \/ Yoast SEO plugin. -->","yoast_head_json":{"title":"La Roche Posay Lipikar Syndet AP+ 400ml - World Of Skin","description":"Cuidado de higiene indicado para rec\u00e9m-nascidos, beb\u00e9s, crian\u00e7as e adultos com pele sens\u00edvel, muito seca e com tend\u00eancia ao eczema at\u00f3pico.","robots":{"index":"index","follow":"follow","max-snippet":"max-snippet:-1","max-image-preview":"max-image-preview:large","max-video-preview":"max-video-preview:-1"},"canonical":"https:\/\/wos-dev-1.staging.sd-hosting.pt\/produto\/la-roche-posay-lipikar-syndet-ap-400ml\/","og_locale":"pt_PT","og_type":"article","og_title":"La Roche Posay Lipikar Syndet AP+ 400ml - World Of Skin","og_description":"Cuidado de higiene indicado para rec\u00e9m-nascidos, beb\u00e9s, crian\u00e7as e adultos com pele sens\u00edvel, muito seca e com tend\u00eancia ao eczema at\u00f3pico.","og_url":"https:\/\/wos-dev-1.staging.sd-hosting.pt\/produto\/la-roche-posay-lipikar-syndet-ap-400ml\/","og_site_name":"World Of Skin","article_publisher":"https:\/\/www.facebook.com\/worldofskin.pt\/","article_modified_time":"2023-08-22T08:59:07+00:00","og_image":[{"width":2000,"height":2000,"url":"https:\/\/wos-dev-1.staging.sd-hosting.pt\/wp-content\/uploads\/2023\/01\/cosmetica-ativa-la-roche-posay-lipikar-syndet-ap-400-frente.jpg","type":"image\/jpeg"}],"twitter_card":"summary_large_image","twitter_misc":{"Tempo estimado de leitura":"1 minuto"},"schema":{"@context":"https:\/\/schema.org","@graph":[{"@type":"WebPage","@id":"https:\/\/wos-dev-1.staging.sd-hosting.pt\/produto\/la-roche-posay-lipikar-syndet-ap-400ml\/","url":"https:\/\/wos-dev-1.staging.sd-hosting.pt\/produto\/la-roche-posay-lipikar-syndet-ap-400ml\/","name":"La Roche Posay Lipikar Syndet AP+ 400ml - World Of Skin","isPartOf":{"@id":"https:\/\/wos-dev-1.staging.sd-hosting.pt\/#website"},"primaryImageOfPage":{"@id":"https:\/\/wos-dev-1.staging.sd-hosting.pt\/produto\/la-roche-posay-lipikar-syndet-ap-400ml\/#primaryimage"},"image":{"@id":"https:\/\/wos-dev-1.staging.sd-hosting.pt\/produto\/la-roche-posay-lipikar-syndet-ap-400ml\/#primaryimage"},"thumbnailUrl":"https:\/\/wos-dev-1.staging.sd-hosting.pt\/wp-content\/uploads\/2023\/01\/cosmetica-ativa-la-roche-posay-lipikar-syndet-ap-400-frente.jpg","datePublished":"2023-04-11T10:48:25+00:00","dateModified":"2023-08-22T08:59:07+00:00","description":"Cuidado de higiene indicado para rec\u00e9m-nascidos, beb\u00e9s, crian\u00e7as e adultos com pele sens\u00edvel, muito seca e com tend\u00eancia ao eczema at\u00f3pico.","breadcrumb":{"@id":"https:\/\/wos-dev-1.staging.sd-hosting.pt\/produto\/la-roche-posay-lipikar-syndet-ap-400ml\/#breadcrumb"},"inLanguage":"pt-PT","potentialAction":[{"@type":"ReadAction","target":["https:\/\/wos-dev-1.staging.sd-hosting.pt\/produto\/la-roche-posay-lipikar-syndet-ap-400ml\/"]}]},{"@type":"ImageObject","inLanguage":"pt-PT","@id":"https:\/\/wos-dev-1.staging.sd-hosting.pt\/produto\/la-roche-posay-lipikar-syndet-ap-400ml\/#primaryimage","url":"https:\/\/wos-dev-1.staging.sd-hosting.pt\/wp-content\/uploads\/2023\/01\/cosmetica-ativa-la-roche-posay-lipikar-syndet-ap-400-frente.jpg","contentUrl":"https:\/\/wos-dev-1.staging.sd-hosting.pt\/wp-content\/uploads\/2023\/01\/cosmetica-ativa-la-roche-posay-lipikar-syndet-ap-400-frente.jpg","width":2000,"height":2000,"caption":"La Roche Posay Lipikar Syndet AP+ 400ml- higiene para eczema at\u00f3pico"},{"@type":"BreadcrumbList","@id":"https:\/\/wos-dev-1.staging.sd-hosting.pt\/produto\/la-roche-posay-lipikar-syndet-ap-400ml\/#breadcrumb","itemListElement":[{"@type":"ListItem","position":1,"name":"In\u00edcio","item":"https:\/\/wos-dev-1.staging.sd-hosting.pt\/"},{"@type":"ListItem","position":2,"name":"La Roche Posay Lipikar Syndet AP+ 400ml"}]},{"@type":"WebSite","@id":"https:\/\/wos-dev-1.staging.sd-hosting.pt\/#website","url":"https:\/\/wos-dev-1.staging.sd-hosting.pt\/","name":"World Of Skin","description":"World Of Skin","publisher":{"@id":"https:\/\/wos-dev-1.staging.sd-hosting.pt\/#organization"},"potentialAction":[{"@type":"SearchAction","target":{"@type":"EntryPoint","urlTemplate":"https:\/\/wos-dev-1.staging.sd-hosting.pt\/?s={search_term_string}"},"query-input":"required name=search_term_string"}],"inLanguage":"pt-PT"},{"@type":"Organization","@id":"https:\/\/wos-dev-1.staging.sd-hosting.pt\/#organization","name":"World Of Skin","url":"https:\/\/wos-dev-1.staging.sd-hosting.pt\/","logo":{"@type":"ImageObject","inLanguage":"pt-PT","@id":"https:\/\/wos-dev-1.staging.sd-hosting.pt\/#\/schema\/logo\/image\/","url":"https:\/\/wos-dev-1.staging.sd-hosting.pt\/wp-content\/uploads\/2022\/10\/Logotipo_Final.png","contentUrl":"https:\/\/wos-dev-1.staging.sd-hosting.pt\/wp-content\/uploads\/2022\/10\/Logotipo_Final.png","width":1774,"height":1536,"caption":"World Of Skin"},"image":{"@id":"https:\/\/wos-dev-1.staging.sd-hosting.pt\/#\/schema\/logo\/image\/"},"sameAs":["https:\/\/www.facebook.com\/worldofskin.pt\/","https:\/\/www.instagram.com\/world.of.skin\/"]}]}},"_links":{"self":[{"href":"https:\/\/wos-dev-1.staging.sd-hosting.pt\/index.php?rest_route=\/wp\/v2\/product\/104964","targetHints":{"allow":["GET"]}}],"collection":[{"href":"https:\/\/wos-dev-1.staging.sd-hosting.pt\/index.php?rest_route=\/wp\/v2\/product"}],"about":[{"href":"https:\/\/wos-dev-1.staging.sd-hosting.pt\/index.php?rest_route=\/wp\/v2\/types\/product"}],"replies":[{"embeddable":true,"href":"https:\/\/wos-dev-1.staging.sd-hosting.pt\/index.php?rest_route=%2Fwp%2Fv2%2Fcomments&post=104964"}],"wp:featuredmedia":[{"embeddable":true,"href":"https:\/\/wos-dev-1.staging.sd-hosting.pt\/index.php?rest_route=\/wp\/v2\/media\/1354"}],"wp:attachment":[{"href":"https:\/\/wos-dev-1.staging.sd-hosting.pt\/index.php?rest_route=%2Fwp%2Fv2%2Fmedia&parent=104964"}],"wp:term":[{"taxonomy":"product_cat","embeddable":true,"href":"https:\/\/wos-dev-1.staging.sd-hosting.pt\/index.php?rest_route=%2Fwp%2Fv2%2Fproduct_cat&post=104964"},{"taxonomy":"product_tag","embeddable":true,"href":"https:\/\/wos-dev-1.staging.sd-hosting.pt\/index.php?rest_route=%2Fwp%2Fv2%2Fproduct_tag&post=104964"},{"taxonomy":"wos_brand","embeddable":true,"href":"https:\/\/wos-dev-1.staging.sd-hosting.pt\/index.php?rest_route=%2Fwp%2Fv2%2Fwos_brand&post=104964"}],"curies":[{"name":"wp","href":"https:\/\/api.w.org\/{rel}","templated":true}]}}